Last updated on 2025-07-15 11:49:35 CEST.
Flavor | Version | Tinstall | Tcheck | Ttotal | Status | Flags |
---|---|---|---|---|---|---|
r-devel-linux-x86_64-debian-clang | 0.3.2 | 25.14 | 77.82 | 102.96 | NOTE | |
r-devel-linux-x86_64-debian-gcc | 0.3.2 | 20.34 | 58.11 | 78.45 | NOTE | |
r-devel-linux-x86_64-fedora-clang | 0.3.2 | 169.03 | NOTE | |||
r-devel-linux-x86_64-fedora-gcc | 0.3.2 | 164.19 | NOTE | |||
r-devel-windows-x86_64 | 0.3.2 | 33.00 | 108.00 | 141.00 | NOTE | |
r-patched-linux-x86_64 | 0.3.2 | 28.68 | 72.81 | 101.49 | NOTE | |
r-release-linux-x86_64 | 0.3.2 | 27.85 | 72.40 | 100.25 | NOTE | |
r-release-macos-arm64 | 0.3.2 | 48.00 | NOTE | |||
r-release-macos-x86_64 | 0.3.2 | 82.00 | NOTE | |||
r-release-windows-x86_64 | 0.3.2 | 32.00 | 103.00 | 135.00 | NOTE | |
r-oldrel-macos-arm64 | 0.3.2 | 48.00 | NOTE | |||
r-oldrel-macos-x86_64 | 0.3.2 | 67.00 | NOTE | |||
r-oldrel-windows-x86_64 | 0.3.2 | 44.00 | 130.00 | 174.00 | NOTE |
Version: 0.3.2
Check: Rd files
Result: NOTE
checkRd: (-1) proc.Rd:27: Lost braces in \itemize; meant \describe ?
checkRd: (-1) proc.Rd:28: Lost braces in \itemize; meant \describe ?
Flavors: r-devel-linux-x86_64-debian-clang, r-devel-linux-x86_64-debian-gcc, r-devel-linux-x86_64-fedora-clang, r-devel-linux-x86_64-fedora-gcc, r-devel-windows-x86_64, r-patched-linux-x86_64, r-release-linux-x86_64, r-release-macos-arm64, r-release-macos-x86_64, r-release-windows-x86_64, r-oldrel-macos-arm64, r-oldrel-macos-x86_64, r-oldrel-windows-x86_64