Last updated on 2025-10-21 23:51:04 CEST.
Flavor | Version | Tinstall | Tcheck | Ttotal | Status | Flags |
---|---|---|---|---|---|---|
r-devel-linux-x86_64-debian-clang | 0.0.1 | 2.90 | 27.90 | 30.80 | NOTE | |
r-devel-linux-x86_64-debian-gcc | 0.0.1 | 2.17 | 21.09 | 23.26 | NOTE | |
r-devel-linux-x86_64-fedora-clang | 0.0.1 | 47.94 | OK | |||
r-devel-linux-x86_64-fedora-gcc | 0.0.1 | 43.29 | OK | |||
r-devel-windows-x86_64 | 0.0.1 | 4.00 | 44.00 | 48.00 | OK | |
r-patched-linux-x86_64 | 0.0.1 | 2.78 | 26.47 | 29.25 | OK | |
r-release-linux-x86_64 | 0.0.1 | 3.27 | 26.27 | 29.54 | OK | |
r-release-macos-arm64 | 0.0.1 | 2.00 | 19.00 | 21.00 | OK | |
r-release-macos-x86_64 | 0.0.1 | 3.00 | 30.00 | 33.00 | OK | |
r-release-windows-x86_64 | 0.0.1 | 4.00 | 45.00 | 49.00 | OK | |
r-oldrel-macos-arm64 | 0.0.1 | 2.00 | 16.00 | 18.00 | OK | |
r-oldrel-macos-x86_64 | 0.0.1 | 2.00 | 29.00 | 31.00 | OK | |
r-oldrel-windows-x86_64 | 0.0.1 | 6.00 | 51.00 | 57.00 | OK |
Version: 0.0.1
Check: CRAN incoming feasibility
Result: NOTE
Maintainer: ‘Sourav Chatterjee <souravc@stanford.edu>’
The Description field contains
Vidyasagar (2022) <arxiv:2209.07028>. The method is fully
Please refer to arXiv e-prints via their arXiv DOI <doi:10.48550/arXiv.YYMM.NNNNN>.
Flavors: r-devel-linux-x86_64-debian-clang, r-devel-linux-x86_64-debian-gcc
Version: 0.0.1
Check: HTML version of manual
Result: NOTE
Found the following HTML validation problems:
condeptree.html:54:1 (condeptree.Rd:14): Warning: missing </ul> before </div>
outgoing.html:58:1 (outgoing.Rd:16): Warning: missing </ul> before </div>
xicorln.html:50:1 (xicorln.Rd:12): Warning: missing </ul> before </div>
Flavors: r-devel-linux-x86_64-debian-clang, r-devel-linux-x86_64-debian-gcc