Last updated on 2025-07-21 20:50:11 CEST.
Flavor | Version | Tinstall | Tcheck | Ttotal | Status | Flags |
---|---|---|---|---|---|---|
r-devel-linux-x86_64-debian-clang | 2.1.3 | 41.38 | 372.81 | 414.19 | OK | |
r-devel-linux-x86_64-debian-gcc | 2.1.3 | 29.17 | 236.53 | 265.70 | OK | |
r-devel-linux-x86_64-fedora-clang | 2.1.3 | 668.66 | OK | |||
r-devel-linux-x86_64-fedora-gcc | 2.1.3 | 663.92 | OK | |||
r-devel-windows-x86_64 | 2.1.3 | 44.00 | 286.00 | 330.00 | OK | |
r-patched-linux-x86_64 | 2.1.3 | 43.84 | 348.70 | 392.54 | OK | |
r-release-linux-x86_64 | 2.1.3 | 41.63 | 348.67 | 390.30 | OK | |
r-release-macos-arm64 | 2.1.3 | 195.00 | OK | |||
r-release-macos-x86_64 | 2.1.3 | 309.00 | OK | |||
r-release-windows-x86_64 | 2.1.3 | 41.00 | 285.00 | 326.00 | OK | |
r-oldrel-macos-arm64 | 2.1.3 | 154.00 | NOTE | |||
r-oldrel-macos-x86_64 | 2.1.3 | 305.00 | NOTE | |||
r-oldrel-windows-x86_64 | 2.1.3 | 57.00 | 398.00 | 455.00 | OK |
Version: 2.1.3
Check: package dependencies
Result: NOTE
Package suggested but not available for checking: ‘INLA’
Flavors: r-oldrel-macos-arm64, r-oldrel-macos-x86_64
Version: 2.1.3
Check: Rd cross-references
Result: NOTE
Package unavailable to check Rd xrefs: ‘INLA’
Flavors: r-oldrel-macos-arm64, r-oldrel-macos-x86_64