CRAN Package Check Results for Package PoiClaClu

Last updated on 2025-11-21 21:49:50 CET.

Flavor Version Tinstall Tcheck Ttotal Status Flags
r-devel-linux-x86_64-debian-clang 1.0.2.1 2.03 24.35 26.38 NOTE
r-devel-linux-x86_64-debian-gcc 1.0.2.1 1.73 19.47 21.20 NOTE
r-devel-linux-x86_64-fedora-clang 1.0.2.1 38.75 OK
r-devel-windows-x86_64 1.0.2.1 3.00 45.00 48.00 OK
r-patched-linux-x86_64 1.0.2.1 1.93 22.35 24.28 OK
r-release-linux-x86_64 1.0.2.1 1.92 22.85 24.77 OK
r-release-macos-arm64 1.0.2.1 OK
r-release-macos-x86_64 1.0.2.1 2.00 23.00 25.00 OK
r-release-windows-x86_64 1.0.2.1 4.00 44.00 48.00 OK
r-oldrel-macos-arm64 1.0.2.1 OK
r-oldrel-macos-x86_64 1.0.2.1 2.00 20.00 22.00 OK
r-oldrel-windows-x86_64 1.0.2.1 3.00 45.00 48.00 OK

Check Details

Version: 1.0.2.1
Check: CRAN incoming feasibility
Result: NOTE Maintainer: ‘Daniela Witten <dwitten@u.washington.edu>’ No Authors@R field in DESCRIPTION. Please add one, modifying Authors@R: person(given = "Daniela", family = "Witten", role = c("aut", "cre"), email = "dwitten@u.washington.edu") as necessary. Flavors: r-devel-linux-x86_64-debian-clang, r-devel-linux-x86_64-debian-gcc