Last updated on 2025-11-15 00:50:34 CET.
| Flavor | Version | Tinstall | Tcheck | Ttotal | Status | Flags |
|---|---|---|---|---|---|---|
| r-devel-linux-x86_64-debian-clang | 0.1.6 | 8.65 | 78.61 | 87.26 | NOTE | |
| r-devel-linux-x86_64-debian-gcc | 0.1.6 | 5.56 | 55.09 | 60.65 | NOTE | |
| r-devel-linux-x86_64-fedora-clang | 0.1.6 | 19.00 | 114.67 | 133.67 | NOTE | |
| r-devel-linux-x86_64-fedora-gcc | 0.1.6 | 18.00 | 105.34 | 123.34 | NOTE | |
| r-devel-windows-x86_64 | 0.1.6 | 12.00 | 88.00 | 100.00 | OK | |
| r-patched-linux-x86_64 | 0.1.6 | 8.70 | 73.66 | 82.36 | NOTE | |
| r-release-linux-x86_64 | 0.1.6 | 7.84 | 72.40 | 80.24 | NOTE | |
| r-release-macos-arm64 | 0.1.6 | 3.00 | 30.00 | 33.00 | OK | |
| r-release-macos-x86_64 | 0.1.6 | 6.00 | 71.00 | 77.00 | OK | |
| r-release-windows-x86_64 | 0.1.6 | 13.00 | 84.00 | 97.00 | OK | |
| r-oldrel-macos-arm64 | 0.1.6 | 3.00 | 33.00 | 36.00 | OK | |
| r-oldrel-macos-x86_64 | 0.1.6 | 5.00 | 46.00 | 51.00 | OK | |
| r-oldrel-windows-x86_64 | 0.1.6 | 16.00 | 111.00 | 127.00 | OK |
Version: 0.1.6
Check: for non-standard things in the check directory
Result: NOTE
Found the following files/directories:
‘P2Run.csv’ ‘P2Run.html’ ‘P2Run.png’
Flavors: r-devel-linux-x86_64-debian-clang, r-devel-linux-x86_64-debian-gcc, r-devel-linux-x86_64-fedora-clang, r-devel-linux-x86_64-fedora-gcc, r-patched-linux-x86_64, r-release-linux-x86_64