Last updated on 2025-07-22 16:49:41 CEST.
Flavor | Version | Tinstall | Tcheck | Ttotal | Status | Flags |
---|---|---|---|---|---|---|
r-devel-linux-x86_64-debian-clang | 1.0.3 | 14.44 | 108.49 | 122.93 | NOTE | |
r-devel-linux-x86_64-debian-gcc | 1.0.3 | 10.45 | 76.68 | 87.13 | NOTE | |
r-devel-linux-x86_64-fedora-clang | 1.0.3 | 189.99 | NOTE | |||
r-devel-linux-x86_64-fedora-gcc | 1.0.3 | 175.66 | NOTE | |||
r-devel-windows-x86_64 | 1.0.3 | 15.00 | 101.00 | 116.00 | NOTE | |
r-patched-linux-x86_64 | 1.0.3 | 13.67 | 101.62 | 115.29 | NOTE | |
r-release-linux-x86_64 | 1.0.3 | 13.87 | 97.93 | 111.80 | NOTE | |
r-release-macos-arm64 | 1.0.3 | 53.00 | NOTE | |||
r-release-macos-x86_64 | 1.0.3 | 92.00 | NOTE | |||
r-release-windows-x86_64 | 1.0.3 | 16.00 | 101.00 | 117.00 | NOTE | |
r-oldrel-macos-arm64 | 1.0.3 | 49.00 | NOTE | |||
r-oldrel-macos-x86_64 | 1.0.3 | 69.00 | NOTE | |||
r-oldrel-windows-x86_64 | 1.0.3 | 20.00 | 136.00 | 156.00 | NOTE |
Version: 1.0.3
Check: Rd files
Result: NOTE
checkRd: (-1) PhageCocktail.Rd:100-103: Lost braces
100 | "Result": {
| ^
checkRd: (-1) PhageCocktail.Rd:105-112: Lost braces
105 | "BacteriaLysed": {
| ^
Flavors: r-devel-linux-x86_64-debian-clang, r-devel-linux-x86_64-debian-gcc, r-devel-linux-x86_64-fedora-clang, r-devel-linux-x86_64-fedora-gcc, r-devel-windows-x86_64, r-patched-linux-x86_64, r-release-linux-x86_64, r-release-macos-arm64, r-release-macos-x86_64, r-release-windows-x86_64, r-oldrel-macos-arm64, r-oldrel-macos-x86_64, r-oldrel-windows-x86_64