Last updated on 2025-10-31 20:48:46 CET.
| Flavor | Version | Tinstall | Tcheck | Ttotal | Status | Flags | 
|---|---|---|---|---|---|---|
| r-devel-linux-x86_64-debian-clang | 1.0 | 3.04 | 25.45 | 28.49 | NOTE | |
| r-devel-linux-x86_64-debian-gcc | 1.0 | 1.92 | 19.73 | 21.65 | NOTE | |
| r-devel-linux-x86_64-fedora-clang | 1.0 | 41.43 | OK | |||
| r-devel-linux-x86_64-fedora-gcc | 1.0 | 39.38 | OK | |||
| r-devel-windows-x86_64 | 1.0 | 4.00 | 40.00 | 44.00 | OK | |
| r-patched-linux-x86_64 | 1.0 | 3.01 | 23.75 | 26.76 | OK | |
| r-release-linux-x86_64 | 1.0 | 2.68 | 24.10 | 26.78 | OK | |
| r-release-macos-arm64 | 1.0 | 1.00 | 16.00 | 17.00 | OK | |
| r-release-macos-x86_64 | 1.0 | 2.00 | 23.00 | 25.00 | OK | |
| r-release-windows-x86_64 | 1.0 | 5.00 | 41.00 | 46.00 | OK | |
| r-oldrel-macos-arm64 | 1.0 | 1.00 | 15.00 | 16.00 | OK | |
| r-oldrel-macos-x86_64 | 1.0 | 2.00 | 22.00 | 24.00 | OK | |
| r-oldrel-windows-x86_64 | 1.0 | 4.00 | 41.00 | 45.00 | OK | 
Version: 1.0
Check: CRAN incoming feasibility
Result: NOTE
  Maintainer: ‘Roozbeh Safshekan <rse@mit.edu>’
  
  No Authors@R field in DESCRIPTION.
  Please add one, modifying
    Authors@R: c(person(given = "Roozbeh",
                        family = "Safshekan",
                        role = c("aut", "cre"),
                        email = "rse@mit.edu"),
                 person(given = "Rich",
                        family = "Nielsen",
                        role = "aut"))
  as necessary.
Flavors: r-devel-linux-x86_64-debian-clang, r-devel-linux-x86_64-debian-gcc