Last updated on 2025-11-21 14:49:51 CET.
| Flavor | Version | Tinstall | Tcheck | Ttotal | Status | Flags |
|---|---|---|---|---|---|---|
| r-devel-linux-x86_64-debian-clang | 1.39 | 8.12 | 65.63 | 73.75 | NOTE | |
| r-devel-linux-x86_64-debian-gcc | 1.39 | 5.83 | 48.11 | 53.94 | NOTE | |
| r-devel-linux-x86_64-fedora-clang | 1.39 | 17.00 | 94.68 | 111.68 | OK | |
| r-devel-windows-x86_64 | 1.39 | 12.00 | 76.00 | 88.00 | OK | |
| r-patched-linux-x86_64 | 1.39 | 8.21 | 63.13 | 71.34 | OK | |
| r-release-linux-x86_64 | 1.39 | 7.73 | 62.80 | 70.53 | OK | |
| r-release-macos-arm64 | 1.39 | OK | ||||
| r-release-macos-x86_64 | 1.39 | 8.00 | 58.00 | 66.00 | OK | |
| r-release-windows-x86_64 | 1.39 | 10.00 | 75.00 | 85.00 | OK | |
| r-oldrel-macos-arm64 | 1.39 | OK | ||||
| r-oldrel-macos-x86_64 | 1.39 | 5.00 | 42.00 | 47.00 | OK | |
| r-oldrel-windows-x86_64 | 1.39 | 12.00 | 89.00 | 101.00 | OK |
Version: 1.39
Check: CRAN incoming feasibility
Result: NOTE
Maintainer: ‘Marcela Nunez Lemus <marcela.nunez.lemus@gmail.com>’
No Authors@R field in DESCRIPTION.
Please add one, modifying
Authors@R: c(person(given = c("Marcela", "Nunez"),
family = "Lemus",
role = c("aut", "cre"),
email = "marcela.nunez.lemus@gmail.com"),
person(given = c("Christian", "E."),
family = "Galarza",
role = "aut"),
person(given = c("Larissa", "Avila"),
family = "Matos",
role = "aut"),
person(given = c("Victor", "H"),
family = "Lachos",
role = "aut"))
as necessary.
Flavors: r-devel-linux-x86_64-debian-clang, r-devel-linux-x86_64-debian-gcc