CRAN Package Check Results for Package PairedData

Last updated on 2025-07-16 23:49:22 CEST.

Flavor Version Tinstall Tcheck Ttotal Status Flags
r-devel-linux-x86_64-debian-clang 1.1.1 7.57 81.64 89.21 NOTE
r-devel-linux-x86_64-debian-gcc 1.1.1 4.23 58.69 62.92 NOTE
r-devel-linux-x86_64-fedora-clang 1.1.1 138.38 OK
r-devel-linux-x86_64-fedora-gcc 1.1.1 134.00 OK
r-devel-windows-x86_64 1.1.1 9.00 104.00 113.00 OK
r-patched-linux-x86_64 1.1.1 8.08 78.02 86.10 OK
r-release-linux-x86_64 1.1.1 6.82 77.62 84.44 OK
r-release-macos-arm64 1.1.1 45.00 OK
r-release-macos-x86_64 1.1.1 68.00 OK
r-release-windows-x86_64 1.1.1 10.00 105.00 115.00 OK
r-oldrel-macos-arm64 1.1.1 36.00 OK
r-oldrel-macos-x86_64 1.1.1 60.00 OK
r-oldrel-windows-x86_64 1.1.1 12.00 132.00 144.00 OK

Check Details

Version: 1.1.1
Check: CRAN incoming feasibility
Result: NOTE Maintainer: ‘Stephane Champely <champely@univ-lyon1.fr>’ No Authors@R field in DESCRIPTION. Please add one, modifying Authors@R: person(given = "Stephane", family = "Champely", role = c("aut", "cre"), email = "champely@univ-lyon1.fr") as necessary. Flavors: r-devel-linux-x86_64-debian-clang, r-devel-linux-x86_64-debian-gcc