Last updated on 2025-10-31 20:48:47 CET.
| Flavor | Version | Tinstall | Tcheck | Ttotal | Status | Flags | 
|---|---|---|---|---|---|---|
| r-devel-linux-x86_64-debian-clang | 3.2.13 | 72.57 | 106.33 | 178.90 | NOTE | |
| r-devel-linux-x86_64-debian-gcc | 3.2.13 | 56.72 | 76.47 | 133.19 | NOTE | |
| r-devel-linux-x86_64-fedora-clang | 3.2.13 | 138.00 | 146.42 | 284.42 | OK | |
| r-devel-linux-x86_64-fedora-gcc | 3.2.13 | 163.00 | 142.31 | 305.31 | OK | |
| r-devel-windows-x86_64 | 3.2.13 | 76.00 | 129.00 | 205.00 | OK | |
| r-patched-linux-x86_64 | 3.2.13 | 80.15 | 102.08 | 182.23 | OK | |
| r-release-linux-x86_64 | 3.2.13 | 78.94 | 101.16 | 180.10 | OK | |
| r-release-macos-arm64 | 3.2.13 | 29.00 | 40.00 | 69.00 | OK | |
| r-release-macos-x86_64 | 3.2.13 | 62.00 | 69.00 | 131.00 | OK | |
| r-release-windows-x86_64 | 3.2.13 | 76.00 | 128.00 | 204.00 | OK | |
| r-oldrel-macos-arm64 | 3.2.13 | 30.00 | 36.00 | 66.00 | NOTE | |
| r-oldrel-macos-x86_64 | 3.2.13 | 48.00 | 57.00 | 105.00 | NOTE | |
| r-oldrel-windows-x86_64 | 3.2.13 | 90.00 | 185.00 | 275.00 | OK | 
Version: 3.2.13
Check: CRAN incoming feasibility
Result: NOTE
  Maintainer: ‘Silvia Liverani <liveranis@gmail.com>’
  
  No Authors@R field in DESCRIPTION.
  Please add one, modifying
    Authors@R: c(person(given = c("David", "I."),
                        family = "Hastie",
                        role = "aut"),
                 person(given = "Silvia",
                        family = "Liverani",
                        role = c("aut", "cre"),
                        email = "liveranis@gmail.com"),
                 person(given = c("Sylvia", "Richardson", "with", "contributions", "from", "Aurore", "J."),
                        family = "Lavigne",
                        role = "aut"),
                 person(given = "Lucy",
                        family = "Leigh",
                        role = "aut"),
                 person(given = "Lamiae",
                        family = "Azizi",
                        role = "aut"),
                 person(given = "Xi",
                        family = "Liu",
                        role = "aut"),
                 person(given = "Ruizhu",
                        family = "Huang",
                        role = "aut"),
                 person(given = "Austin",
                        family = "Gratton",
                        role = "aut"),
                 person(given = "Wei",
                        family = "Jing",
                        role = "aut"))
  as necessary.
Flavors: r-devel-linux-x86_64-debian-clang, r-devel-linux-x86_64-debian-gcc
Version: 3.2.13
Check: installed package size
Result: NOTE
    installed size is 21.1Mb
    sub-directories of 1Mb or more:
      libs  20.7Mb
Flavors: r-oldrel-macos-arm64, r-oldrel-macos-x86_64