Last updated on 2025-10-22 17:49:47 CEST.
Flavor | Version | Tinstall | Tcheck | Ttotal | Status | Flags |
---|---|---|---|---|---|---|
r-devel-linux-x86_64-debian-clang | 0.2.1 | 2.11 | 28.70 | 30.81 | NOTE | |
r-devel-linux-x86_64-debian-gcc | 0.2.1 | 1.88 | 22.53 | 24.41 | NOTE | |
r-devel-linux-x86_64-fedora-clang | 0.2.1 | 48.28 | OK | |||
r-devel-linux-x86_64-fedora-gcc | 0.2.1 | 45.91 | OK | |||
r-devel-windows-x86_64 | 0.2.1 | 5.00 | 46.00 | 51.00 | OK | |
r-patched-linux-x86_64 | 0.2.1 | 2.64 | 28.08 | 30.72 | OK | |
r-release-linux-x86_64 | 0.2.1 | 2.30 | 28.04 | 30.34 | OK | |
r-release-macos-arm64 | 0.2.1 | 2.00 | 22.00 | 24.00 | OK | |
r-release-macos-x86_64 | 0.2.1 | 4.00 | 39.00 | 43.00 | OK | |
r-release-windows-x86_64 | 0.2.1 | 6.00 | 48.00 | 54.00 | OK | |
r-oldrel-macos-arm64 | 0.2.1 | 1.00 | 18.00 | 19.00 | NOTE | |
r-oldrel-macos-x86_64 | 0.2.1 | 2.00 | 33.00 | 35.00 | NOTE | |
r-oldrel-windows-x86_64 | 0.2.1 | 6.00 | 55.00 | 61.00 | NOTE |
Version: 0.2.1
Check: HTML version of manual
Result: NOTE
Found the following HTML validation problems:
evaluation_table.html:50:1 (evaluation_table.Rd:12): Warning: missing </ul> before </div>
Flavors: r-devel-linux-x86_64-debian-clang, r-devel-linux-x86_64-debian-gcc
Version: 0.2.1
Check: LazyData
Result: NOTE
'LazyData' is specified without a 'data' directory
Flavors: r-oldrel-macos-arm64, r-oldrel-macos-x86_64, r-oldrel-windows-x86_64