Last updated on 2025-10-31 20:48:47 CET.
| Flavor | Version | Tinstall | Tcheck | Ttotal | Status | Flags | 
|---|---|---|---|---|---|---|
| r-devel-linux-x86_64-debian-clang | 0.6.3-11 | 23.53 | 61.85 | 85.38 | NOTE | |
| r-devel-linux-x86_64-debian-gcc | 0.6.3-11 | 16.13 | 46.14 | 62.27 | NOTE | |
| r-devel-linux-x86_64-fedora-clang | 0.6.3-11 | 56.00 | 86.44 | 142.44 | OK | |
| r-devel-linux-x86_64-fedora-gcc | 0.6.3-11 | 33.00 | 116.59 | 149.59 | OK | |
| r-devel-windows-x86_64 | 0.6.3-11 | 23.00 | 96.00 | 119.00 | OK | |
| r-patched-linux-x86_64 | 0.6.3-11 | 23.49 | 59.62 | 83.11 | OK | |
| r-release-linux-x86_64 | 0.6.3-11 | 21.60 | 59.21 | 80.81 | OK | |
| r-release-macos-arm64 | 0.6.3-11 | 12.00 | 42.00 | 54.00 | OK | |
| r-release-macos-x86_64 | 0.6.3-11 | 18.00 | 92.00 | 110.00 | OK | |
| r-release-windows-x86_64 | 0.6.3-11 | 25.00 | 100.00 | 125.00 | OK | |
| r-oldrel-macos-arm64 | 0.6.3-11 | 10.00 | 33.00 | 43.00 | OK | |
| r-oldrel-macos-x86_64 | 0.6.3-11 | 15.00 | 69.00 | 84.00 | OK | |
| r-oldrel-windows-x86_64 | 0.6.3-11 | 27.00 | 119.00 | 146.00 | OK | 
Version: 0.6.3-11
Check: CRAN incoming feasibility
Result: NOTE
  Maintainer: ‘Jan Steinfeld <jan.d.steinfeld@gmail.com>’
  
  Package CITATION file contains call(s) to old-style personList() or
  as.personList().  Please use c() on person objects instead.
  Package CITATION file contains call(s) to old-style citEntry().  Please
  use bibentry() instead.
Flavors: r-devel-linux-x86_64-debian-clang, r-devel-linux-x86_64-debian-gcc