Last updated on 2025-07-19 08:48:45 CEST.
Flavor | Version | Tinstall | Tcheck | Ttotal | Status | Flags |
---|---|---|---|---|---|---|
r-devel-linux-x86_64-debian-clang | 2.1.8 | 35.60 | 190.93 | 226.53 | OK | |
r-devel-linux-x86_64-debian-gcc | 2.1.8 | 25.77 | 130.64 | 156.41 | OK | |
r-devel-linux-x86_64-fedora-clang | 2.1.8 | 372.02 | OK | |||
r-devel-linux-x86_64-fedora-gcc | 2.1.8 | 378.80 | OK | |||
r-devel-windows-x86_64 | 2.1.8 | 40.00 | 193.00 | 233.00 | OK | |
r-patched-linux-x86_64 | 2.1.8 | 40.03 | 177.67 | 217.70 | OK | |
r-release-linux-x86_64 | 2.1.8 | 35.63 | 177.44 | 213.07 | OK | |
r-release-macos-arm64 | 2.1.8 | 106.00 | OK | |||
r-release-macos-x86_64 | 2.1.8 | 207.00 | OK | |||
r-release-windows-x86_64 | 2.1.8 | 40.00 | 194.00 | 234.00 | OK | |
r-oldrel-macos-arm64 | 2.1.8 | 112.00 | NOTE | |||
r-oldrel-macos-x86_64 | 2.1.8 | 233.00 | NOTE | |||
r-oldrel-windows-x86_64 | 2.1.8 | 49.00 | 255.00 | 304.00 | OK |
Version: 2.1.8
Check: installed package size
Result: NOTE
installed size is 8.3Mb
sub-directories of 1Mb or more:
libs 7.1Mb
Flavors: r-oldrel-macos-arm64, r-oldrel-macos-x86_64