CRAN Package Check Results for Package PLmixed

Last updated on 2025-07-16 23:49:23 CEST.

Flavor Version Tinstall Tcheck Ttotal Status Flags
r-devel-linux-x86_64-debian-clang 0.1.7 9.35 304.84 314.19 NOTE
r-devel-linux-x86_64-debian-gcc 0.1.7 5.45 228.26 233.71 NOTE
r-devel-linux-x86_64-fedora-clang 0.1.7 516.57 OK
r-devel-linux-x86_64-fedora-gcc 0.1.7 548.57 OK
r-devel-windows-x86_64 0.1.7 10.00 106.00 116.00 NOTE --no-vignettes
r-patched-linux-x86_64 0.1.7 8.78 315.86 324.64 NOTE
r-release-linux-x86_64 0.1.7 7.98 312.87 320.85 NOTE
r-release-macos-arm64 0.1.7 201.00 OK
r-release-macos-x86_64 0.1.7 390.00 OK
r-release-windows-x86_64 0.1.7 10.00 106.00 116.00 NOTE --no-vignettes
r-oldrel-macos-arm64 0.1.7 169.00 OK
r-oldrel-macos-x86_64 0.1.7 251.00 OK
r-oldrel-windows-x86_64 0.1.7 13.00 108.00 121.00 OK --no-vignettes

Check Details

Version: 0.1.7
Check: Rd cross-references
Result: NOTE Found the following Rd file(s) with Rd \link{} targets missing package anchors: PLmixed-package.Rd: lme4, optimx PLmixed.Rd: lme4, glmer, optimx, lmerControl, glmerControl, lmer coef.PLmod.Rd: coef.merMod fitted.PLmod.Rd: fitted.merMod fixef.PLmod.Rd: fixef.merMod plot.PLmod.Rd: plot.merMod predict.PLmod.Rd: predict.merMod ranef.PLmod.Rd: ranef.merMod residuals.PLmod.Rd: residuals.merMod simulate.PLmod.Rd: simulate.merMod Please provide package anchors for all Rd \link{} targets not in the package itself and the base packages. Flavors: r-devel-linux-x86_64-debian-clang, r-devel-linux-x86_64-debian-gcc, r-patched-linux-x86_64, r-release-linux-x86_64

Version: 0.1.7
Flags: --no-vignettes
Check: Rd cross-references
Result: NOTE Found the following Rd file(s) with Rd \link{} targets missing package anchors: PLmixed-package.Rd: lme4, optimx PLmixed.Rd: lme4, glmer, optimx, lmerControl, glmerControl, lmer coef.PLmod.Rd: coef.merMod fitted.PLmod.Rd: fitted.merMod fixef.PLmod.Rd: fixef.merMod plot.PLmod.Rd: plot.merMod predict.PLmod.Rd: predict.merMod ranef.PLmod.Rd: ranef.merMod residuals.PLmod.Rd: residuals.merMod simulate.PLmod.Rd: simulate.merMod Please provide package anchors for all Rd \link{} targets not in the package itself and the base packages. Flavors: r-devel-windows-x86_64, r-release-windows-x86_64