Last updated on 2025-10-24 18:50:02 CEST.
| Flavor | Version | Tinstall | Tcheck | Ttotal | Status | Flags |
|---|---|---|---|---|---|---|
| r-devel-linux-x86_64-debian-clang | 1.1.2 | 9.20 | 79.88 | 89.08 | OK | |
| r-devel-linux-x86_64-debian-gcc | 1.1.2 | 5.77 | 58.03 | 63.80 | OK | |
| r-devel-linux-x86_64-fedora-clang | 1.1.2 | 25.00 | 114.49 | 139.49 | OK | |
| r-devel-linux-x86_64-fedora-gcc | 1.1.2 | 18.00 | 169.96 | 187.96 | OK | |
| r-devel-windows-x86_64 | 1.1.2 | 11.00 | 83.00 | 94.00 | OK | |
| r-patched-linux-x86_64 | 1.1.2 | 9.12 | 73.81 | 82.93 | OK | |
| r-release-linux-x86_64 | 1.1.2 | 7.90 | 73.81 | 81.71 | OK | |
| r-release-macos-arm64 | 1.1.2 | 4.00 | 47.00 | 51.00 | OK | |
| r-release-macos-x86_64 | 1.1.2 | 9.00 | 90.00 | 99.00 | OK | |
| r-release-windows-x86_64 | 1.1.2 | 11.00 | 86.00 | 97.00 | OK | |
| r-oldrel-macos-arm64 | 1.1.2 | 4.00 | 44.00 | 48.00 | NOTE | |
| r-oldrel-macos-x86_64 | 1.1.2 | 8.00 | 75.00 | 83.00 | NOTE | |
| r-oldrel-windows-x86_64 | 1.1.2 | 14.00 | 105.00 | 119.00 | OK |
Version: 1.1.2
Check: installed package size
Result: NOTE
installed size is 5.0Mb
sub-directories of 1Mb or more:
doc 4.9Mb
Flavors: r-oldrel-macos-arm64, r-oldrel-macos-x86_64