Last updated on 2025-11-22 03:50:59 CET.
| Flavor | Version | Tinstall | Tcheck | Ttotal | Status | Flags |
|---|---|---|---|---|---|---|
| r-devel-linux-x86_64-debian-clang | 0.8.0 | 5.81 | 62.68 | 68.49 | OK | |
| r-devel-linux-x86_64-debian-gcc | 0.8.0 | 3.91 | 45.07 | 48.98 | OK | |
| r-devel-linux-x86_64-fedora-clang | 0.8.0 | 14.00 | 90.62 | 104.62 | NOTE | |
| r-devel-windows-x86_64 | 0.8.0 | 9.00 | 80.00 | 89.00 | OK | |
| r-patched-linux-x86_64 | 0.8.0 | 5.81 | 58.41 | 64.22 | OK | |
| r-release-linux-x86_64 | 0.8.0 | 5.78 | 58.74 | 64.52 | OK | |
| r-release-macos-arm64 | 0.8.0 | OK | ||||
| r-release-macos-x86_64 | 0.8.0 | 5.00 | 44.00 | 49.00 | OK | |
| r-release-windows-x86_64 | 0.8.0 | 8.00 | 69.00 | 77.00 | OK | |
| r-oldrel-macos-arm64 | 0.8.0 | NOTE | ||||
| r-oldrel-macos-x86_64 | 0.8.0 | 4.00 | 39.00 | 43.00 | NOTE | |
| r-oldrel-windows-x86_64 | 0.8.0 | 10.00 | 88.00 | 98.00 | NOTE |
Version: 0.8.0
Check: dependencies in R code
Result: NOTE
Namespaces in Imports field not imported from:
‘Matrix’ ‘pander’
All declared Imports should be used.
Flavor: r-devel-linux-x86_64-fedora-clang
Version: 0.8.0
Check: LazyData
Result: NOTE
'LazyData' is specified without a 'data' directory
Flavors: r-oldrel-macos-arm64, r-oldrel-macos-x86_64, r-oldrel-windows-x86_64