Last updated on 2025-11-22 15:49:47 CET.
| Flavor | Version | Tinstall | Tcheck | Ttotal | Status | Flags |
|---|---|---|---|---|---|---|
| r-devel-linux-x86_64-debian-clang | 2.74.1 | 19.50 | 94.53 | 114.03 | OK | |
| r-devel-linux-x86_64-debian-gcc | 2.74.1 | 15.52 | 65.10 | 80.62 | OK | |
| r-devel-linux-x86_64-fedora-clang | 2.74.1 | 41.00 | 132.58 | 173.58 | OK | |
| r-devel-windows-x86_64 | 2.74.1 | 28.00 | 130.00 | 158.00 | OK | |
| r-patched-linux-x86_64 | 2.74.1 | 23.84 | 83.75 | 107.59 | OK | |
| r-release-linux-x86_64 | 2.74.1 | 20.77 | 83.57 | 104.34 | OK | |
| r-release-macos-arm64 | 2.74.1 | OK | ||||
| r-release-macos-x86_64 | 2.74.1 | 16.00 | 83.00 | 99.00 | OK | |
| r-release-windows-x86_64 | 2.74.1 | 31.00 | 124.00 | 155.00 | OK | |
| r-oldrel-macos-arm64 | 2.74.1 | NOTE | ||||
| r-oldrel-macos-x86_64 | 2.74.1 | 19.00 | 132.00 | 151.00 | NOTE | |
| r-oldrel-windows-x86_64 | 2.74.1 | 25.00 | 125.00 | 150.00 | NOTE |
Version: 2.74.1
Check: installed package size
Result: NOTE
installed size is 6.8Mb
sub-directories of 1Mb or more:
data 2.7Mb
doc 1.2Mb
libs 1.4Mb
Flavors: r-oldrel-macos-arm64, r-oldrel-macos-x86_64, r-oldrel-windows-x86_64