Last updated on 2025-10-24 05:50:50 CEST.
| Flavor | Version | Tinstall | Tcheck | Ttotal | Status | Flags |
|---|---|---|---|---|---|---|
| r-devel-linux-x86_64-debian-clang | 1.2.5 | 6.83 | 68.64 | 75.47 | NOTE | |
| r-devel-linux-x86_64-debian-gcc | 1.2.5 | 5.19 | 52.15 | 57.34 | NOTE | |
| r-devel-linux-x86_64-fedora-clang | 1.2.5 | 43.00 | 79.22 | 122.22 | NOTE | |
| r-devel-linux-x86_64-fedora-gcc | 1.2.5 | 27.00 | 91.89 | 118.89 | NOTE | |
| r-devel-windows-x86_64 | 1.2.5 | 8.00 | 88.00 | 96.00 | NOTE | |
| r-patched-linux-x86_64 | 1.2.5 | 6.95 | 66.16 | 73.11 | NOTE | |
| r-release-linux-x86_64 | 1.2.5 | 7.36 | 65.54 | 72.90 | NOTE | |
| r-release-macos-arm64 | 1.2.5 | 3.00 | 32.00 | 35.00 | NOTE | |
| r-release-macos-x86_64 | 1.2.5 | 7.00 | 62.00 | 69.00 | NOTE | |
| r-release-windows-x86_64 | 1.2.5 | 8.00 | 83.00 | 91.00 | NOTE | |
| r-oldrel-macos-arm64 | 1.2.5 | 3.00 | 32.00 | 35.00 | NOTE | |
| r-oldrel-macos-x86_64 | 1.2.5 | 5.00 | 48.00 | 53.00 | NOTE | |
| r-oldrel-windows-x86_64 | 1.2.5 | 11.00 | 101.00 | 112.00 | NOTE |
Version: 1.2.5
Check: CRAN incoming feasibility
Result: NOTE
Maintainer: ‘Zhiqiu Hu <zhiqiu.hu@gmail.com>’
No Authors@R field in DESCRIPTION.
Please add one, modifying
Authors@R: c(person(given = c("Zhiqiu", "Hu;", "Shizhong", "Xu;", "Zhiquan", "Wang;", "Rongcai"),
family = "Yang",
role = "aut"),
person(given = "Zhiqiu",
family = "Hu",
role = "cre",
email = "zhiqiu.hu@gmail.com"))
as necessary.
Flavors: r-devel-linux-x86_64-debian-clang, r-devel-linux-x86_64-debian-gcc
Version: 1.2.5
Check: Rd files
Result: NOTE
checkRd: (-1) PAS-package.Rd:30: Lost braces
30 | {\code{bin model}}{\cr Zhiqiu Hu, Zhiquan Wang, and Shizhong Xu (2012) An infinitesimal model for quantitative trait genomic value prediction. PloS ONE 7: e41336.}
| ^
Flavors: r-devel-linux-x86_64-debian-clang, r-devel-windows-x86_64, r-patched-linux-x86_64, r-release-linux-x86_64, r-release-macos-arm64, r-release-macos-x86_64, r-release-windows-x86_64, r-oldrel-macos-arm64, r-oldrel-macos-x86_64, r-oldrel-windows-x86_64
Version: 1.2.5
Check: Rd files
Result: NOTE
checkRd: (-1) PAS-package.Rd:14-20: Only 2 columns allowed in this table (row 5 has 1)
checkRd: (-1) PAS-package.Rd:30: Lost braces
30 | {\code{bin model}}{\cr Zhiqiu Hu, Zhiquan Wang, and Shizhong Xu (2012) An infinitesimal model for quantitative trait genomic value prediction. PloS ONE 7: e41336.}
| ^
Flavors: r-devel-linux-x86_64-debian-gcc, r-devel-linux-x86_64-fedora-clang, r-devel-linux-x86_64-fedora-gcc