Last updated on 2025-11-08 22:50:56 CET.
| Flavor | Version | Tinstall | Tcheck | Ttotal | Status | Flags |
|---|---|---|---|---|---|---|
| r-devel-linux-x86_64-debian-clang | 0.9-3 | 234.73 | 295.56 | 530.29 | OK | |
| r-devel-linux-x86_64-debian-gcc | 0.9-3 | 183.56 | 209.81 | 393.37 | OK | |
| r-devel-linux-x86_64-fedora-clang | 0.9-3 | 442.00 | 357.79 | 799.79 | OK | |
| r-devel-linux-x86_64-fedora-gcc | 0.9-3 | 326.00 | 536.28 | 862.28 | OK | |
| r-devel-windows-x86_64 | 0.9-3 | 219.00 | 299.00 | 518.00 | OK | |
| r-patched-linux-x86_64 | 0.9-3 | 231.66 | 296.37 | 528.03 | OK | |
| r-release-linux-x86_64 | 0.9-3 | 225.82 | 295.35 | 521.17 | OK | |
| r-release-macos-arm64 | 0.9-3 | 79.00 | 70.00 | 149.00 | OK | |
| r-release-macos-x86_64 | 0.9-3 | 82.00 | 120.00 | 202.00 | OK | |
| r-release-windows-x86_64 | 0.9-3 | 219.00 | 296.00 | 515.00 | OK | |
| r-oldrel-macos-arm64 | 0.9-3 | 86.00 | 107.00 | 193.00 | NOTE | |
| r-oldrel-macos-x86_64 | 0.9-3 | 206.00 | 160.00 | 366.00 | NOTE | |
| r-oldrel-windows-x86_64 | 0.9-3 | 257.00 | 408.00 | 665.00 | NOTE |
Version: 0.9-3
Check: package dependencies
Result: NOTE
Package suggested but not available for checking: ‘cmdstanr’
Flavors: r-oldrel-macos-arm64, r-oldrel-macos-x86_64, r-oldrel-windows-x86_64
Version: 0.9-3
Check: installed package size
Result: NOTE
installed size is 62.9Mb
sub-directories of 1Mb or more:
libs 61.5Mb
Flavors: r-oldrel-macos-arm64, r-oldrel-macos-x86_64
Version: 0.9-3
Check: for GNU extensions in Makefiles
Result: NOTE
GNU make is a SystemRequirements.
Flavors: r-oldrel-macos-arm64, r-oldrel-macos-x86_64, r-oldrel-windows-x86_64