Last updated on 2025-07-24 06:49:34 CEST.
Flavor | Version | Tinstall | Tcheck | Ttotal | Status | Flags |
---|---|---|---|---|---|---|
r-devel-linux-x86_64-debian-clang | 1.0.0 | 3.25 | 30.45 | 33.70 | OK | |
r-devel-linux-x86_64-debian-gcc | 1.0.0 | 2.60 | 23.51 | 26.11 | OK | |
r-devel-linux-x86_64-fedora-clang | 1.0.0 | 53.51 | OK | |||
r-devel-linux-x86_64-fedora-gcc | 1.0.0 | 50.01 | OK | |||
r-devel-windows-x86_64 | 1.0.0 | 6.00 | 55.00 | 61.00 | OK | |
r-patched-linux-x86_64 | 1.0.0 | 3.48 | 28.67 | 32.15 | OK | |
r-release-linux-x86_64 | 1.0.0 | 3.53 | 28.76 | 32.29 | OK | |
r-release-macos-arm64 | 1.0.0 | 24.00 | OK | |||
r-release-macos-x86_64 | 1.0.0 | 37.00 | OK | |||
r-release-windows-x86_64 | 1.0.0 | 6.00 | 55.00 | 61.00 | OK | |
r-oldrel-macos-arm64 | 1.0.0 | 22.00 | NOTE | |||
r-oldrel-macos-x86_64 | 1.0.0 | 30.00 | NOTE | |||
r-oldrel-windows-x86_64 | 1.0.0 | 6.00 | 60.00 | 66.00 | NOTE |
Version: 1.0.0
Check: LazyData
Result: NOTE
'LazyData' is specified without a 'data' directory
Flavors: r-oldrel-macos-arm64, r-oldrel-macos-x86_64, r-oldrel-windows-x86_64