Last updated on 2025-11-22 03:50:57 CET.
| Flavor | Version | Tinstall | Tcheck | Ttotal | Status | Flags |
|---|---|---|---|---|---|---|
| r-devel-linux-x86_64-debian-clang | 1.2.4 | 30.72 | 117.09 | 147.81 | NOTE | |
| r-devel-linux-x86_64-debian-gcc | 1.2.4 | 21.03 | 80.77 | 101.80 | NOTE | |
| r-devel-linux-x86_64-fedora-clang | 1.2.4 | 61.00 | 185.74 | 246.74 | NOTE | |
| r-devel-windows-x86_64 | 1.2.4 | 45.00 | 132.00 | 177.00 | NOTE | |
| r-patched-linux-x86_64 | 1.2.4 | 32.76 | 107.42 | 140.18 | NOTE | |
| r-release-linux-x86_64 | 1.2.4 | 32.31 | 107.14 | 139.45 | NOTE | |
| r-release-macos-arm64 | 1.2.4 | NOTE | ||||
| r-release-macos-x86_64 | 1.2.4 | 16.00 | 101.00 | 117.00 | NOTE | |
| r-release-windows-x86_64 | 1.2.4 | 40.00 | 133.00 | 173.00 | NOTE | |
| r-oldrel-macos-arm64 | 1.2.4 | NOTE | ||||
| r-oldrel-macos-x86_64 | 1.2.4 | 16.00 | 126.00 | 142.00 | NOTE | |
| r-oldrel-windows-x86_64 | 1.2.4 | 48.00 | 170.00 | 218.00 | NOTE |
Version: 1.2.4
Check: CRAN incoming feasibility
Result: NOTE
Maintainer: ‘Fridolin Linder <fridolin.linder@gmail.com>’
Package CITATION file contains call(s) to old-style personList() or
as.personList(). Please use c() on person objects instead.
Package CITATION file contains call(s) to old-style citEntry(). Please
use bibentry() instead.
Found the following URLs which should use \doi (with the DOI name only):
File ‘policies.Rd’:
https://doi.org/10.7910/DVN/CVYSR7
Flavors: r-devel-linux-x86_64-debian-clang, r-devel-linux-x86_64-debian-gcc
Version: 1.2.4
Check: C++ specification
Result: NOTE
Specified C++11: please drop specification unless essential
Flavors: r-devel-linux-x86_64-debian-clang, r-devel-linux-x86_64-debian-gcc, r-devel-linux-x86_64-fedora-clang, r-devel-windows-x86_64, r-patched-linux-x86_64, r-release-linux-x86_64, r-release-macos-arm64, r-release-macos-x86_64, r-release-windows-x86_64, r-oldrel-macos-arm64, r-oldrel-macos-x86_64, r-oldrel-windows-x86_64