Last updated on 2025-10-24 05:50:48 CEST.
| Flavor | Version | Tinstall | Tcheck | Ttotal | Status | Flags |
|---|---|---|---|---|---|---|
| r-devel-linux-x86_64-debian-clang | 1.2.8 | 107.99 | 124.86 | 232.85 | WARN | |
| r-devel-linux-x86_64-debian-gcc | 1.2.8 | 65.23 | 89.02 | 154.25 | WARN | |
| r-devel-linux-x86_64-fedora-clang | 1.2.9 | 66.00 | 346.05 | 412.05 | OK | |
| r-devel-linux-x86_64-fedora-gcc | 1.2.9 | 75.00 | 324.87 | 399.87 | OK | |
| r-devel-windows-x86_64 | 1.2.8 | 121.00 | 145.00 | 266.00 | WARN | |
| r-patched-linux-x86_64 | 1.2.8 | 104.49 | 117.62 | 222.11 | WARN | |
| r-release-linux-x86_64 | 1.2.8 | 101.69 | 118.17 | 219.86 | WARN | |
| r-release-macos-arm64 | 1.2.9 | 36.00 | 103.00 | 139.00 | OK | |
| r-release-macos-x86_64 | 1.2.9 | 66.00 | 200.00 | 266.00 | OK | |
| r-release-windows-x86_64 | 1.2.8 | 122.00 | 151.00 | 273.00 | WARN | |
| r-oldrel-macos-arm64 | 1.2.9 | 34.00 | 71.00 | 105.00 | NOTE | |
| r-oldrel-macos-x86_64 | 1.2.9 | 51.00 | 223.00 | 274.00 | NOTE | |
| r-oldrel-windows-x86_64 | 1.2.9 | 128.00 | 198.00 | 326.00 | OK |
Version: 1.2.8
Check: whether package can be installed
Result: WARN
Found the following significant warnings:
netStats.cpp:51:15: warning: 'is_finite<double>' is deprecated: change arma::is_finite(val) to std::isfinite(val) [-Wdeprecated-declarations]
netStats.cpp:51:45: warning: 'is_finite<double>' is deprecated: change arma::is_finite(val) to std::isfinite(val) [-Wdeprecated-declarations]
properties.cpp:132:18: warning: 'is_finite<double>' is deprecated: change arma::is_finite(val) to std::isfinite(val) [-Wdeprecated-declarations]
See ‘/home/hornik/tmp/R.check/r-devel-clang/Work/PKGS/NetRep.Rcheck/00install.out’ for details.
* used C++ compiler: ‘Debian clang version 19.1.7 (7)’
Flavor: r-devel-linux-x86_64-debian-clang
Version: 1.2.8
Check: HTML version of manual
Result: NOTE
Found the following HTML validation problems:
common_params.html:92:1 (common_params.Rd:42): Warning: missing </ul> before </div>
orderModules_param.html:43:1 (orderModules_param.Rd:9): Warning: missing </ul> before </div>
plot_params.html:212:1 (plot_params.Rd:110): Warning: missing </ul> before </div>
simplify_param.html:42:1 (simplify_param.Rd:8): Warning: missing </ul> before </div>
Flavor: r-devel-linux-x86_64-debian-clang
Version: 1.2.8
Check: whether package can be installed
Result: WARN
Found the following significant warnings:
netStats.cpp:51:24: warning: ‘bool arma::is_finite(eT, const typename arma_scalar_only<T>::result*) [with eT = double; typename arma_scalar_only<T>::result = double]’ is deprecated: change arma::is_finite(val) to std::isfinite(val) [-Wdeprecated-declarations]
netStats.cpp:51:54: warning: ‘bool arma::is_finite(eT, const typename arma_scalar_only<T>::result*) [with eT = double; typename arma_scalar_only<T>::result = double]’ is deprecated: change arma::is_finite(val) to std::isfinite(val) [-Wdeprecated-declarations]
properties.cpp:132:27: warning: ‘bool arma::is_finite(eT, const typename arma_scalar_only<T>::result*) [with eT = double; typename arma_scalar_only<T>::result = double]’ is deprecated: change arma::is_finite(val) to std::isfinite(val) [-Wdeprecated-declarations]
See ‘/home/hornik/tmp/R.check/r-devel-gcc/Work/PKGS/NetRep.Rcheck/00install.out’ for details.
* used C++ compiler: ‘g++-15 (Debian 15.2.0-4) 15.2.0’
Flavor: r-devel-linux-x86_64-debian-gcc
Version: 1.2.8
Check: whether package can be installed
Result: WARN
Found the following significant warnings:
netStats.cpp:51:24: warning: 'bool arma::is_finite(eT, const typename arma_scalar_only<eT>::result*) [with eT = double; typename arma_scalar_only<eT>::result = double]' is deprecated: change arma::is_finite(val) to std::isfinite(val) [-Wdeprecated-declarations]
netStats.cpp:51:54: warning: 'bool arma::is_finite(eT, const typename arma_scalar_only<eT>::result*) [with eT = double; typename arma_scalar_only<eT>::result = double]' is deprecated: change arma::is_finite(val) to std::isfinite(val) [-Wdeprecated-declarations]
properties.cpp:132:27: warning: 'bool arma::is_finite(eT, const typename arma_scalar_only<eT>::result*) [with eT = double; typename arma_scalar_only<eT>::result = double]' is deprecated: change arma::is_finite(val) to std::isfinite(val) [-Wdeprecated-declarations]
See 'd:/Rcompile/CRANpkg/local/4.6/NetRep.Rcheck/00install.out' for details.
* used C++ compiler: 'g++.exe (GCC) 14.2.0'
Flavor: r-devel-windows-x86_64
Version: 1.2.8
Check: whether package can be installed
Result: WARN
Found the following significant warnings:
netStats.cpp:51:24: warning: ‘bool arma::is_finite(eT, const typename arma_scalar_only<eT>::result*) [with eT = double; typename arma_scalar_only<eT>::result = double]’ is deprecated: change arma::is_finite(val) to std::isfinite(val) [-Wdeprecated-declarations]
netStats.cpp:51:54: warning: ‘bool arma::is_finite(eT, const typename arma_scalar_only<eT>::result*) [with eT = double; typename arma_scalar_only<eT>::result = double]’ is deprecated: change arma::is_finite(val) to std::isfinite(val) [-Wdeprecated-declarations]
properties.cpp:132:27: warning: ‘bool arma::is_finite(eT, const typename arma_scalar_only<eT>::result*) [with eT = double; typename arma_scalar_only<eT>::result = double]’ is deprecated: change arma::is_finite(val) to std::isfinite(val) [-Wdeprecated-declarations]
See ‘/home/hornik/tmp/R.check/r-patched-gcc/Work/PKGS/NetRep.Rcheck/00install.out’ for details.
* used C++ compiler: ‘g++-14 (Debian 14.3.0-8) 14.3.0’
Flavor: r-patched-linux-x86_64
Version: 1.2.8
Check: whether package can be installed
Result: WARN
Found the following significant warnings:
netStats.cpp:51:24: warning: ‘bool arma::is_finite(eT, const typename arma_scalar_only<eT>::result*) [with eT = double; typename arma_scalar_only<eT>::result = double]’ is deprecated: change arma::is_finite(val) to std::isfinite(val) [-Wdeprecated-declarations]
netStats.cpp:51:54: warning: ‘bool arma::is_finite(eT, const typename arma_scalar_only<eT>::result*) [with eT = double; typename arma_scalar_only<eT>::result = double]’ is deprecated: change arma::is_finite(val) to std::isfinite(val) [-Wdeprecated-declarations]
properties.cpp:132:27: warning: ‘bool arma::is_finite(eT, const typename arma_scalar_only<eT>::result*) [with eT = double; typename arma_scalar_only<eT>::result = double]’ is deprecated: change arma::is_finite(val) to std::isfinite(val) [-Wdeprecated-declarations]
See ‘/home/hornik/tmp/R.check/r-release-gcc/Work/PKGS/NetRep.Rcheck/00install.out’ for details.
* used C++ compiler: ‘g++-14 (Debian 14.3.0-8) 14.3.0’
Flavor: r-release-linux-x86_64
Version: 1.2.8
Check: whether package can be installed
Result: WARN
Found the following significant warnings:
netStats.cpp:51:24: warning: 'bool arma::is_finite(eT, const typename arma_scalar_only<eT>::result*) [with eT = double; typename arma_scalar_only<eT>::result = double]' is deprecated: change arma::is_finite(val) to std::isfinite(val) [-Wdeprecated-declarations]
netStats.cpp:51:54: warning: 'bool arma::is_finite(eT, const typename arma_scalar_only<eT>::result*) [with eT = double; typename arma_scalar_only<eT>::result = double]' is deprecated: change arma::is_finite(val) to std::isfinite(val) [-Wdeprecated-declarations]
properties.cpp:132:27: warning: 'bool arma::is_finite(eT, const typename arma_scalar_only<eT>::result*) [with eT = double; typename arma_scalar_only<eT>::result = double]' is deprecated: change arma::is_finite(val) to std::isfinite(val) [-Wdeprecated-declarations]
See 'd:/Rcompile/CRANpkg/local/4.5/NetRep.Rcheck/00install.out' for details.
* used C++ compiler: 'g++.exe (GCC) 14.2.0'
Flavor: r-release-windows-x86_64
Version: 1.2.9
Check: installed package size
Result: NOTE
installed size is 8.7Mb
sub-directories of 1Mb or more:
doc 1.7Mb
libs 5.9Mb
Flavors: r-oldrel-macos-arm64, r-oldrel-macos-x86_64