Last updated on 2025-07-15 23:51:27 CEST.
Flavor | Version | Tinstall | Tcheck | Ttotal | Status | Flags |
---|---|---|---|---|---|---|
r-devel-linux-x86_64-debian-clang | 1.0 | 3.22 | 25.61 | 28.83 | NOTE | |
r-devel-linux-x86_64-debian-gcc | 1.0 | 2.23 | 19.98 | 22.21 | NOTE | |
r-devel-linux-x86_64-fedora-clang | 1.0 | 43.25 | OK | |||
r-devel-linux-x86_64-fedora-gcc | 1.0 | 41.90 | OK | |||
r-devel-windows-x86_64 | 1.0 | 4.00 | 47.00 | 51.00 | OK | |
r-patched-linux-x86_64 | 1.0 | 3.39 | 23.93 | 27.32 | OK | |
r-release-linux-x86_64 | 1.0 | 3.05 | 23.90 | 26.95 | OK | |
r-release-macos-arm64 | 1.0 | 23.00 | OK | |||
r-release-macos-x86_64 | 1.0 | 37.00 | OK | |||
r-release-windows-x86_64 | 1.0 | 4.00 | 57.00 | 61.00 | OK | |
r-oldrel-macos-arm64 | 1.0 | 17.00 | OK | |||
r-oldrel-macos-x86_64 | 1.0 | 43.00 | OK | |||
r-oldrel-windows-x86_64 | 1.0 | 5.00 | 54.00 | 59.00 | OK |
Version: 1.0
Check: CRAN incoming feasibility
Result: NOTE
Maintainer: ‘Gavin Melville <gavin.melville@dpi.nsw.gov.au>’
No Authors@R field in DESCRIPTION.
Please add one, modifying
Authors@R: c(person(given = "GJ",
family = "Melville",
role = "aut"),
person(given = "Gavin",
family = "Melville",
role = "cre",
email = "gavin.melville@dpi.nsw.gov.au"))
as necessary.
Flavors: r-devel-linux-x86_64-debian-clang, r-devel-linux-x86_64-debian-gcc