Last updated on 2025-10-25 18:50:19 CEST.
| Flavor | Version | Tinstall | Tcheck | Ttotal | Status | Flags |
|---|---|---|---|---|---|---|
| r-devel-linux-x86_64-debian-clang | 2.0.0 | 6.64 | 54.76 | 61.40 | OK | |
| r-devel-linux-x86_64-debian-gcc | 2.0.0 | 5.08 | 41.40 | 46.48 | OK | |
| r-devel-linux-x86_64-fedora-clang | 2.0.0 | 16.00 | 81.76 | 97.76 | OK | |
| r-devel-linux-x86_64-fedora-gcc | 2.0.0 | 12.00 | 75.65 | 87.65 | OK | |
| r-devel-windows-x86_64 | 2.0.0 | 7.00 | 64.00 | 71.00 | OK | |
| r-patched-linux-x86_64 | 2.0.0 | 6.56 | 52.26 | 58.82 | OK | |
| r-release-linux-x86_64 | 2.0.0 | 6.00 | 51.66 | 57.66 | OK | |
| r-release-macos-arm64 | 2.0.0 | 4.00 | 28.00 | 32.00 | OK | |
| r-release-macos-x86_64 | 2.0.0 | 6.00 | 45.00 | 51.00 | OK | |
| r-release-windows-x86_64 | 2.0.0 | 9.00 | 66.00 | 75.00 | OK | |
| r-oldrel-macos-arm64 | 2.0.0 | 3.00 | 26.00 | 29.00 | NOTE | |
| r-oldrel-macos-x86_64 | 2.0.0 | 5.00 | 40.00 | 45.00 | NOTE | |
| r-oldrel-windows-x86_64 | 2.0.0 | 10.00 | 78.00 | 88.00 | NOTE |
Version: 2.0.0
Check: LazyData
Result: NOTE
'LazyData' is specified without a 'data' directory
Flavors: r-oldrel-macos-arm64, r-oldrel-macos-x86_64, r-oldrel-windows-x86_64