Last updated on 2024-06-10 10:58:49 CEST.
Flavor | Version | Tinstall | Tcheck | Ttotal | Status | Flags |
---|---|---|---|---|---|---|
r-devel-linux-x86_64-debian-clang | 2.12 | 302.08 | 209.49 | 511.57 | OK | |
r-devel-linux-x86_64-debian-gcc | 2.12 | 204.19 | 152.81 | 357.00 | OK | |
r-devel-linux-x86_64-fedora-clang | 2.12 | 720.07 | OK | |||
r-devel-linux-x86_64-fedora-gcc | 2.12 | 748.37 | OK | |||
r-devel-windows-x86_64 | 2.12 | 223.00 | 214.00 | 437.00 | NOTE | |
r-patched-linux-x86_64 | 2.12 | 251.43 | 198.99 | 450.42 | OK | |
r-release-linux-x86_64 | 2.12 | 249.76 | 202.96 | 452.72 | OK | |
r-release-macos-arm64 | 2.12 | 129.00 | NOTE | |||
r-release-macos-x86_64 | 2.12 | 160.00 | NOTE | |||
r-release-windows-x86_64 | 2.12 | 230.00 | 217.00 | 447.00 | NOTE | |
r-oldrel-macos-arm64 | 2.12 | 139.00 | NOTE | |||
r-oldrel-macos-x86_64 | 2.12 | 213.00 | NOTE | |||
r-oldrel-windows-x86_64 | 2.12 | 273.00 | 274.00 | 547.00 | NOTE |
Version: 2.12
Check: installed package size
Result: NOTE
installed size is 5.2Mb
sub-directories of 1Mb or more:
data 2.0Mb
libs 1.5Mb
Flavors: r-devel-windows-x86_64, r-release-macos-arm64, r-release-macos-x86_64, r-release-windows-x86_64, r-oldrel-macos-arm64, r-oldrel-macos-x86_64, r-oldrel-windows-x86_64