CRAN Package Check Results for Package MixOptim

Last updated on 2025-11-21 14:49:49 CET.

Flavor Version Tinstall Tcheck Ttotal Status Flags
r-devel-linux-x86_64-debian-clang 0.1.2 5.56 204.61 210.17 NOTE
r-devel-linux-x86_64-debian-gcc 0.1.2 3.83 126.42 130.25 NOTE
r-devel-linux-x86_64-fedora-clang 0.1.2 15.00 318.15 333.15 NOTE
r-devel-windows-x86_64 0.1.2 9.00 176.00 185.00 OK
r-patched-linux-x86_64 0.1.2 5.79 194.60 200.39 OK
r-release-linux-x86_64 0.1.2 5.53 192.60 198.13 OK
r-release-macos-arm64 0.1.2 OK
r-release-macos-x86_64 0.1.2 5.00 172.00 177.00 OK
r-release-windows-x86_64 0.1.2 8.00 177.00 185.00 OK
r-oldrel-macos-arm64 0.1.2 NOTE
r-oldrel-macos-x86_64 0.1.2 4.00 124.00 128.00 NOTE
r-oldrel-windows-x86_64 0.1.2 10.00 250.00 260.00 NOTE

Check Details

Version: 0.1.2
Check: CRAN incoming feasibility
Result: NOTE Maintainer: ‘Cassandro Davi Emer <cde@actisys.org>’ No Authors@R field in DESCRIPTION. Please add one, modifying Authors@R: person(given = c("Cassandro", "Davi"), family = "Emer", role = c("aut", "cre"), email = "cde@actisys.org") as necessary. Flavors: r-devel-linux-x86_64-debian-clang, r-devel-linux-x86_64-debian-gcc

Version: 0.1.2
Check: dependencies in R code
Result: NOTE Namespace in Imports field not imported from: ‘rlang’ All declared Imports should be used. Flavor: r-devel-linux-x86_64-fedora-clang

Version: 0.1.2
Check: LazyData
Result: NOTE 'LazyData' is specified without a 'data' directory Flavors: r-oldrel-macos-arm64, r-oldrel-macos-x86_64, r-oldrel-windows-x86_64