Last updated on 2025-10-31 14:49:47 CET.
| Flavor | Version | Tinstall | Tcheck | Ttotal | Status | Flags | 
|---|---|---|---|---|---|---|
| r-devel-linux-x86_64-debian-clang | 2.3.7 | 9.28 | 110.34 | 119.62 | NOTE | |
| r-devel-linux-x86_64-debian-gcc | 2.3.7 | 5.02 | 69.11 | 74.13 | NOTE | |
| r-devel-linux-x86_64-fedora-clang | 2.3.7 | 43.00 | 163.24 | 206.24 | OK | |
| r-devel-linux-x86_64-fedora-gcc | 2.3.7 | 18.00 | 168.97 | 186.97 | OK | |
| r-devel-windows-x86_64 | 2.3.7 | 9.00 | 107.00 | 116.00 | OK | |
| r-patched-linux-x86_64 | 2.3.7 | 9.04 | 104.93 | 113.97 | OK | |
| r-release-linux-x86_64 | 2.3.7 | 7.42 | 107.60 | 115.02 | OK | |
| r-release-macos-arm64 | 2.3.7 | 4.00 | 42.00 | 46.00 | OK | |
| r-release-macos-x86_64 | 2.3.7 | 8.00 | 88.00 | 96.00 | OK | |
| r-release-windows-x86_64 | 2.3.7 | 10.00 | 110.00 | 120.00 | OK | |
| r-oldrel-macos-arm64 | 2.3.7 | 4.00 | 42.00 | 46.00 | OK | |
| r-oldrel-macos-x86_64 | 2.3.7 | 6.00 | 72.00 | 78.00 | OK | |
| r-oldrel-windows-x86_64 | 2.3.7 | 13.00 | 141.00 | 154.00 | OK | 
Version: 2.3.7
Check: CRAN incoming feasibility
Result: NOTE
  Maintainer: ‘Cristina Tortora <grikris1@gmail.com>’
  
  No Authors@R field in DESCRIPTION.
  Please add one, modifying
    Authors@R: c(person(given = "Cristina",
                        family = "Tortora",
                        role = c("aut", "cre", "cph"),
                        email = "grikris1@gmail.com"),
                 person(given = "Aisha",
                        family = "ElSherbiny",
                        role = "com"),
                 person(given = c("Ryan", "P."),
                        family = "Browne",
                        role = c("aut", "cph")),
                 person(given = c("Brian", "C."),
                        family = "Franczak",
                        role = c("aut", "cph")),
                 person(given = c("and", "Paul", "D."),
                        family = "McNicholas",
                        role = c("aut", "cph")),
                 person(given = c("Donald", "D."),
                        family = "Amos.",
                        role = "ctb"))
  as necessary.
Flavors: r-devel-linux-x86_64-debian-clang, r-devel-linux-x86_64-debian-gcc