Last updated on 2025-10-21 17:49:53 CEST.
Flavor | Version | Tinstall | Tcheck | Ttotal | Status | Flags |
---|---|---|---|---|---|---|
r-devel-linux-x86_64-debian-clang | 0.1.4 | 1.99 | 24.84 | 26.83 | NOTE | |
r-devel-linux-x86_64-debian-gcc | 0.1.4 | 1.52 | 19.88 | 21.40 | NOTE | |
r-devel-linux-x86_64-fedora-clang | 0.1.4 | 38.58 | OK | |||
r-devel-linux-x86_64-fedora-gcc | 0.1.4 | 37.43 | OK | |||
r-devel-windows-x86_64 | 0.1.4 | 5.00 | 48.00 | 53.00 | OK | |
r-patched-linux-x86_64 | 0.1.4 | 2.29 | 23.03 | 25.32 | OK | |
r-release-linux-x86_64 | 0.1.4 | 1.87 | 23.40 | 25.27 | OK | |
r-release-macos-arm64 | 0.1.4 | 1.00 | 18.00 | 19.00 | OK | |
r-release-macos-x86_64 | 0.1.4 | 2.00 | 27.00 | 29.00 | OK | |
r-release-windows-x86_64 | 0.1.4 | 4.00 | 49.00 | 53.00 | OK | |
r-oldrel-macos-arm64 | 0.1.4 | 1.00 | 19.00 | 20.00 | OK | |
r-oldrel-macos-x86_64 | 0.1.4 | 2.00 | 20.00 | 22.00 | OK | |
r-oldrel-windows-x86_64 | 0.1.4 | 5.00 | 55.00 | 60.00 | OK |
Version: 0.1.4
Check: HTML version of manual
Result: NOTE
Found the following HTML validation problems:
params_binary.html:48:1 (params_binary.Rd:12): Warning: missing </ul> before </div>
params_classification.html:46:1 (params_classification.Rd:10): Warning: missing </ul> before </div>
params_regression.html:46:1 (params_regression.Rd:10): Warning: missing </ul> before </div>
Flavors: r-devel-linux-x86_64-debian-clang, r-devel-linux-x86_64-debian-gcc