Last updated on 2025-10-24 11:50:51 CEST.
| Flavor | Version | Tinstall | Tcheck | Ttotal | Status | Flags |
|---|---|---|---|---|---|---|
| r-devel-linux-x86_64-debian-clang | 0.1.15 | 121.23 | 175.93 | 297.16 | OK | |
| r-devel-linux-x86_64-debian-gcc | 0.1.15 | 82.26 | 118.38 | 200.64 | OK | |
| r-devel-linux-x86_64-fedora-clang | 0.1.15 | 164.00 | 291.11 | 455.11 | OK | |
| r-devel-linux-x86_64-fedora-gcc | 0.1.15 | 333.00 | 190.66 | 523.66 | OK | |
| r-devel-windows-x86_64 | 0.1.15 | 120.00 | 178.00 | 298.00 | OK | |
| r-patched-linux-x86_64 | 0.1.15 | 114.73 | 166.54 | 281.27 | OK | |
| r-release-linux-x86_64 | 0.1.15 | 121.47 | 164.96 | 286.43 | OK | |
| r-release-macos-arm64 | 0.1.15 | 55.00 | 87.00 | 142.00 | OK | |
| r-release-macos-x86_64 | 0.1.15 | 58.00 | 205.00 | 263.00 | OK | |
| r-release-windows-x86_64 | 0.1.15 | 121.00 | 188.00 | 309.00 | OK | |
| r-oldrel-macos-arm64 | 0.1.15 | 43.00 | 129.00 | 172.00 | NOTE | |
| r-oldrel-macos-x86_64 | 0.1.15 | 44.00 | 167.00 | 211.00 | NOTE | |
| r-oldrel-windows-x86_64 | 0.1.15 | 148.00 | 243.00 | 391.00 | OK |
Version: 0.1.15
Check: installed package size
Result: NOTE
installed size is 11.3Mb
sub-directories of 1Mb or more:
R 2.1Mb
libs 9.0Mb
Flavors: r-oldrel-macos-arm64, r-oldrel-macos-x86_64