CRAN Package Check Results for Package MarkowitzR

Last updated on 2025-11-15 00:50:28 CET.

Flavor Version Tinstall Tcheck Ttotal Status Flags
r-devel-linux-x86_64-debian-clang 1.0.3 1.71 59.11 60.82 NOTE
r-devel-linux-x86_64-debian-gcc 1.0.3 1.55 47.11 48.66 NOTE
r-devel-linux-x86_64-fedora-clang 1.0.3 86.67 OK
r-devel-linux-x86_64-fedora-gcc 1.0.3 99.66 OK
r-devel-windows-x86_64 1.0.3 6.00 102.00 108.00 OK
r-patched-linux-x86_64 1.0.3 2.10 55.68 57.78 OK
r-release-linux-x86_64 1.0.3 1.81 55.87 57.68 OK
r-release-macos-arm64 1.0.3 1.00 50.00 51.00 OK
r-release-macos-x86_64 1.0.3 2.00 77.00 79.00 OK
r-release-windows-x86_64 1.0.3 5.00 101.00 106.00 OK
r-oldrel-macos-arm64 1.0.3 1.00 39.00 40.00 OK
r-oldrel-macos-x86_64 1.0.3 2.00 103.00 105.00 OK
r-oldrel-windows-x86_64 1.0.3 3.00 108.00 111.00 OK

Check Details

Version: 1.0.3
Check: CRAN incoming feasibility
Result: NOTE Maintainer: ‘Steven E. Pav <shabbychef@gmail.com>’ The Description field contains <arxiv:1312.0557>. Please refer to arXiv e-prints via their arXiv DOI <doi:10.48550/arXiv.YYMM.NNNNN>. Flavors: r-devel-linux-x86_64-debian-clang, r-devel-linux-x86_64-debian-gcc