Last updated on 2025-10-24 18:50:00 CEST.
| Flavor | Version | Tinstall | Tcheck | Ttotal | Status | Flags |
|---|---|---|---|---|---|---|
| r-devel-linux-x86_64-debian-clang | 0.3 | 6.07 | 79.89 | 85.96 | NOTE | |
| r-devel-linux-x86_64-debian-gcc | 0.3 | 4.11 | 59.52 | 63.63 | NOTE | |
| r-devel-linux-x86_64-fedora-clang | 0.3 | 14.00 | 121.25 | 135.25 | OK | |
| r-devel-linux-x86_64-fedora-gcc | 0.3 | 28.00 | 125.68 | 153.68 | OK | |
| r-devel-windows-x86_64 | 0.3 | 8.00 | 126.00 | 134.00 | OK | |
| r-patched-linux-x86_64 | 0.3 | 4.91 | 76.01 | 80.92 | OK | |
| r-release-linux-x86_64 | 0.3 | 5.03 | 75.85 | 80.88 | OK | |
| r-release-macos-arm64 | 0.3 | 3.00 | 38.00 | 41.00 | OK | |
| r-release-macos-x86_64 | 0.3 | 5.00 | 74.00 | 79.00 | OK | |
| r-release-windows-x86_64 | 0.3 | 7.00 | 125.00 | 132.00 | OK | |
| r-oldrel-macos-arm64 | 0.3 | 3.00 | 40.00 | 43.00 | OK | |
| r-oldrel-macos-x86_64 | 0.3 | 4.00 | 62.00 | 66.00 | OK | |
| r-oldrel-windows-x86_64 | 0.3 | 11.00 | 133.00 | 144.00 | OK |
Version: 0.3
Check: CRAN incoming feasibility
Result: NOTE
Maintainer: ‘Christopher R John <chris.r.john86@gmail.com>’
No Authors@R field in DESCRIPTION.
Please add one, modifying
Authors@R: person(given = c("Christopher", "R"),
family = "John",
role = c("aut", "cre"),
email = "chris.r.john86@gmail.com")
as necessary.
Flavors: r-devel-linux-x86_64-debian-clang, r-devel-linux-x86_64-debian-gcc