Last updated on 2025-11-21 14:49:49 CET.
| Flavor | Version | Tinstall | Tcheck | Ttotal | Status | Flags |
|---|---|---|---|---|---|---|
| r-devel-linux-x86_64-debian-clang | 1.3 | 17.03 | 139.50 | 156.53 | OK | |
| r-devel-linux-x86_64-debian-gcc | 1.3 | 11.94 | 106.96 | 118.90 | OK | |
| r-devel-linux-x86_64-fedora-clang | 1.3 | 129.00 | 135.64 | 264.64 | OK | |
| r-devel-windows-x86_64 | 1.3 | 22.00 | 139.00 | 161.00 | NOTE | |
| r-patched-linux-x86_64 | 1.3 | 16.58 | 132.91 | 149.49 | OK | |
| r-release-linux-x86_64 | 1.3 | 14.79 | 133.04 | 147.83 | OK | |
| r-release-macos-arm64 | 1.3 | OK | ||||
| r-release-macos-x86_64 | 1.3 | 14.00 | 109.00 | 123.00 | OK | |
| r-release-windows-x86_64 | 1.3 | 18.00 | 137.00 | 155.00 | OK | |
| r-oldrel-macos-arm64 | 1.3 | OK | ||||
| r-oldrel-macos-x86_64 | 1.3 | 13.00 | 114.00 | 127.00 | OK | |
| r-oldrel-windows-x86_64 | 1.3 | 24.00 | 173.00 | 197.00 | OK |
Version: 1.3
Check: Rd files
Result: NOTE
checkRd: (-1) calc.maps.pc.Rd:79-92: Only 4 columns allowed in this table (row 1 has 1)
checkRd: (-1) calc.maps.sphere.Rd:87-100: Only 4 columns allowed in this table (row 1 has 1)
checkRd: (-1) calc.nnfit.from.file.Rd:67-80: Only 4 columns allowed in this table (row 1 has 1)
checkRd: (-1) calc.pair.rf.lod.Rd:39-52: Only 4 columns allowed in this table (row 1 has 1)
checkRd: (-1) estimate.map.Rd:111-124: Only 4 columns allowed in this table (row 1 has 1)
checkRd: (-1) lgI.txt.Rd:12-25: Only 4 columns allowed in this table (row 1 has 1)
checkRd: (-1) lgV.txt.Rd:12-25: Only 4 columns allowed in this table (row 1 has 1)
checkRd: (-1) sim.bc.rflod.file.Rd:23-36: Only 4 columns allowed in this table (row 1 has 1)
Flavor: r-devel-windows-x86_64