Last updated on 2025-07-19 08:48:40 CEST.
Flavor | Version | Tinstall | Tcheck | Ttotal | Status | Flags |
---|---|---|---|---|---|---|
r-devel-linux-x86_64-debian-clang | 1.7-1 | 596.28 | 128.31 | 724.59 | OK | |
r-devel-linux-x86_64-debian-gcc | 1.7-1 | 268.74 | 88.53 | 357.27 | OK | |
r-devel-linux-x86_64-fedora-clang | 1.7-1 | 1118.58 | OK | |||
r-devel-linux-x86_64-fedora-gcc | 1.7-1 | 909.02 | OK | |||
r-devel-windows-x86_64 | 1.7-1 | 363.00 | 170.00 | 533.00 | OK | |
r-patched-linux-x86_64 | 1.7-1 | 383.19 | 121.12 | 504.31 | OK | |
r-release-linux-x86_64 | 1.7-1 | 386.24 | 121.51 | 507.75 | OK | |
r-release-macos-arm64 | 1.7-1 | 249.00 | OK | |||
r-release-macos-x86_64 | 1.7-1 | 301.00 | OK | |||
r-release-windows-x86_64 | 1.7-1 | 352.00 | 173.00 | 525.00 | OK | |
r-oldrel-macos-arm64 | 1.7-1 | 244.00 | NOTE | |||
r-oldrel-macos-x86_64 | 1.7-1 | 263.00 | NOTE | |||
r-oldrel-windows-x86_64 | 1.7-1 | 439.00 | 216.00 | 655.00 | OK |
Version: 1.7-1
Check: installed package size
Result: NOTE
installed size is 34.3Mb
sub-directories of 1Mb or more:
libs 33.2Mb
Flavors: r-oldrel-macos-arm64, r-oldrel-macos-x86_64