Last updated on 2025-07-21 16:50:22 CEST.
Flavor | Version | Tinstall | Tcheck | Ttotal | Status | Flags |
---|---|---|---|---|---|---|
r-devel-linux-x86_64-debian-clang | 1.0 | 4.33 | 39.88 | 44.21 | OK | |
r-devel-linux-x86_64-debian-gcc | 1.0 | 2.98 | 29.67 | 32.65 | OK | |
r-devel-linux-x86_64-fedora-clang | 1.0 | 70.56 | OK | |||
r-devel-linux-x86_64-fedora-gcc | 1.0 | 81.25 | OK | |||
r-devel-windows-x86_64 | 1.0 | 7.00 | 59.00 | 66.00 | OK | |
r-patched-linux-x86_64 | 1.0 | 3.15 | 36.98 | 40.13 | OK | |
r-release-linux-x86_64 | 1.0 | 3.87 | 36.92 | 40.79 | OK | |
r-release-macos-arm64 | 1.0 | 35.00 | OK | |||
r-release-macos-x86_64 | 1.0 | 57.00 | OK | |||
r-release-windows-x86_64 | 1.0 | 6.00 | 57.00 | 63.00 | OK | |
r-oldrel-macos-arm64 | 1.0 | 30.00 | NOTE | |||
r-oldrel-macos-x86_64 | 1.0 | 44.00 | NOTE | |||
r-oldrel-windows-x86_64 | 1.0 | 7.00 | 70.00 | 77.00 | NOTE |
Version: 1.0
Check: LazyData
Result: NOTE
'LazyData' is specified without a 'data' directory
Flavors: r-oldrel-macos-arm64, r-oldrel-macos-x86_64, r-oldrel-windows-x86_64