CRAN Package Check Results for Package LinkedMatrix

Last updated on 2025-07-12 22:49:13 CEST.

Flavor Version Tinstall Tcheck Ttotal Status Flags
r-devel-linux-x86_64-debian-clang 1.4.0 3.69 30.06 33.75 NOTE
r-devel-linux-x86_64-debian-gcc 1.4.0 2.60 23.56 26.16 NOTE
r-devel-linux-x86_64-fedora-clang 1.4.0 49.87 OK
r-devel-linux-x86_64-fedora-gcc 1.4.0 48.91 OK
r-devel-windows-x86_64 1.4.0 4.00 49.00 53.00 OK
r-patched-linux-x86_64 1.4.0 3.48 28.06 31.54 OK
r-release-linux-x86_64 1.4.0 3.52 27.90 31.42 OK
r-release-macos-arm64 1.4.0 19.00 OK
r-release-macos-x86_64 1.4.0 50.00 OK
r-release-windows-x86_64 1.4.0 5.00 52.00 57.00 OK
r-oldrel-macos-arm64 1.4.0 26.00 OK
r-oldrel-macos-x86_64 1.4.0 42.00 OK
r-oldrel-windows-x86_64 1.4.0 6.00 56.00 62.00 OK

Check Details

Version: 1.4.0
Check: CRAN incoming feasibility
Result: NOTE Maintainer: ‘Alexander Grueneberg <cran@agrueneberg.info>’ Package CITATION file contains call(s) to old-style citEntry(). Please use bibentry() instead. Flavors: r-devel-linux-x86_64-debian-clang, r-devel-linux-x86_64-debian-gcc