Last updated on 2025-10-31 20:48:43 CET.
| Flavor | Version | Tinstall | Tcheck | Ttotal | Status | Flags | 
|---|---|---|---|---|---|---|
| r-devel-linux-x86_64-debian-clang | 1.2 | 3.03 | 34.03 | 37.06 | NOTE | |
| r-devel-linux-x86_64-debian-gcc | 1.2 | 2.15 | 26.43 | 28.58 | NOTE | |
| r-devel-linux-x86_64-fedora-clang | 1.2 | 16.00 | 44.53 | 60.53 | OK | |
| r-devel-linux-x86_64-fedora-gcc | 1.2 | 68.05 | OK | |||
| r-devel-windows-x86_64 | 1.2 | 4.00 | 52.00 | 56.00 | OK | |
| r-patched-linux-x86_64 | 1.2 | 2.86 | 32.16 | 35.02 | OK | |
| r-release-linux-x86_64 | 1.2 | 2.58 | 32.17 | 34.75 | OK | |
| r-release-macos-arm64 | 1.2 | 2.00 | 52.00 | 54.00 | OK | |
| r-release-macos-x86_64 | 1.2 | 2.00 | 44.00 | 46.00 | OK | |
| r-release-windows-x86_64 | 1.2 | 5.00 | 54.00 | 59.00 | OK | |
| r-oldrel-macos-arm64 | 1.2 | 2.00 | 25.00 | 27.00 | OK | |
| r-oldrel-macos-x86_64 | 1.2 | 2.00 | 35.00 | 37.00 | OK | |
| r-oldrel-windows-x86_64 | 1.2 | 5.00 | 62.00 | 67.00 | OK | 
Version: 1.2
Check: CRAN incoming feasibility
Result: NOTE
  Maintainer: ‘Peiliang Bai <baipl92@ufl.edu>’
  
  No Authors@R field in DESCRIPTION.
  Please add one, modifying
    Authors@R: person(given = "Peiliang",
                      family = "Bai",
                      role = c("aut", "cre"),
                      email = "baipl92@ufl.edu")
  as necessary.
Flavors: r-devel-linux-x86_64-debian-clang, r-devel-linux-x86_64-debian-gcc