CRAN Package Check Results for Package KenSyn

Last updated on 2025-11-15 00:50:26 CET.

Flavor Version Tinstall Tcheck Ttotal Status Flags
r-devel-linux-x86_64-debian-clang 0.3 1.88 20.47 22.35 NOTE
r-devel-linux-x86_64-debian-gcc 0.3 1.52 16.75 18.27 NOTE
r-devel-linux-x86_64-fedora-clang 0.3 32.08 NOTE
r-devel-linux-x86_64-fedora-gcc 0.3 30.09 NOTE
r-devel-windows-x86_64 0.3 5.00 39.00 44.00 OK
r-patched-linux-x86_64 0.3 1.99 18.93 20.92 NOTE
r-release-linux-x86_64 0.3 1.85 18.99 20.84 NOTE
r-release-macos-arm64 0.3 1.00 17.00 18.00 OK
r-release-macos-x86_64 0.3 2.00 24.00 26.00 OK
r-release-windows-x86_64 0.3 4.00 39.00 43.00 OK
r-oldrel-macos-arm64 0.3 1.00 14.00 15.00 OK
r-oldrel-macos-x86_64 0.3 2.00 18.00 20.00 OK
r-oldrel-windows-x86_64 0.3 10.00 45.00 55.00 OK

Check Details

Version: 0.3
Check: for unstated dependencies in ‘demo’
Result: NOTE 'library' or 'require' calls not declared from: ‘MCMCglmm’ ‘car’ ‘coda’ ‘emmeans’ ‘lattice’ ‘outliers’ Flavors: r-devel-linux-x86_64-debian-clang, r-devel-linux-x86_64-debian-gcc, r-patched-linux-x86_64, r-release-linux-x86_64

Version: 0.3
Check: dependencies in R code
Result: NOTE Namespaces in Imports field not imported from: ‘lme4’ ‘metafor’ ‘nlme’ All declared Imports should be used. Flavors: r-devel-linux-x86_64-fedora-clang, r-devel-linux-x86_64-fedora-gcc