Last updated on 2025-10-21 17:49:52 CEST.
Flavor | Version | Tinstall | Tcheck | Ttotal | Status | Flags |
---|---|---|---|---|---|---|
r-devel-linux-x86_64-debian-clang | 1.1.6 | 6.14 | 67.67 | 73.81 | NOTE | |
r-devel-linux-x86_64-debian-gcc | 1.1.6 | 5.38 | 50.86 | 56.24 | NOTE | |
r-devel-linux-x86_64-fedora-clang | 1.1.6 | 17.00 | 93.97 | 110.97 | OK | |
r-devel-linux-x86_64-fedora-gcc | 1.1.6 | 16.00 | 92.65 | 108.65 | OK | |
r-devel-windows-x86_64 | 1.1.6 | 8.00 | 76.00 | 84.00 | OK | |
r-patched-linux-x86_64 | 1.1.6 | 7.03 | 64.03 | 71.06 | OK | |
r-release-linux-x86_64 | 1.1.6 | 6.24 | 63.91 | 70.15 | OK | |
r-release-macos-arm64 | 1.1.6 | 4.00 | 32.00 | 36.00 | OK | |
r-release-macos-x86_64 | 1.1.6 | 8.00 | 63.00 | 71.00 | OK | |
r-release-windows-x86_64 | 1.1.6 | 10.00 | 78.00 | 88.00 | OK | |
r-oldrel-macos-arm64 | 1.1.6 | 4.00 | 31.00 | 35.00 | OK | |
r-oldrel-macos-x86_64 | 1.1.6 | 5.00 | 52.00 | 57.00 | OK | |
r-oldrel-windows-x86_64 | 1.1.6 | 11.00 | 93.00 | 104.00 | OK |
Version: 1.1.6
Check: CRAN incoming feasibility
Result: NOTE
Maintainer: ‘Kridsadakorn Chaichoompu <kridsadakorn@biostatgen.org>’
Package CITATION file contains call(s) to old-style personList() or
as.personList(). Please use c() on person objects instead.
Package CITATION file contains call(s) to old-style citEntry(). Please
use bibentry() instead.
Flavors: r-devel-linux-x86_64-debian-clang, r-devel-linux-x86_64-debian-gcc