Last updated on 2025-10-31 20:48:42 CET.
| Flavor | Version | Tinstall | Tcheck | Ttotal | Status | Flags | 
|---|---|---|---|---|---|---|
| r-devel-linux-x86_64-debian-clang | 0.1.2 | 5.16 | 49.75 | 54.91 | NOTE | |
| r-devel-linux-x86_64-debian-gcc | 0.1.2 | 3.54 | 37.36 | 40.90 | NOTE | |
| r-devel-linux-x86_64-fedora-clang | 0.1.2 | 20.00 | 67.31 | 87.31 | OK | |
| r-devel-linux-x86_64-fedora-gcc | 0.1.2 | 76.86 | OK | |||
| r-devel-windows-x86_64 | 0.1.2 | 6.00 | 62.00 | 68.00 | OK | |
| r-patched-linux-x86_64 | 0.1.2 | 5.11 | 46.13 | 51.24 | OK | |
| r-release-linux-x86_64 | 0.1.2 | 5.00 | 46.57 | 51.57 | OK | |
| r-release-macos-arm64 | 0.1.2 | 2.00 | 26.00 | 28.00 | OK | |
| r-release-macos-x86_64 | 0.1.2 | 4.00 | 37.00 | 41.00 | OK | |
| r-release-windows-x86_64 | 0.1.2 | 7.00 | 63.00 | 70.00 | OK | |
| r-oldrel-macos-arm64 | 0.1.2 | 2.00 | 26.00 | 28.00 | OK | |
| r-oldrel-macos-x86_64 | 0.1.2 | 6.00 | 42.00 | 48.00 | OK | |
| r-oldrel-windows-x86_64 | 0.1.2 | 7.00 | 72.00 | 79.00 | OK | 
Version: 0.1.2
Check: CRAN incoming feasibility
Result: NOTE
  Maintainer: ‘Zhen Huang <zh2395@columbia.edu>’
  
  The Description field contains
    using kernels and geometric graphs” <arXiv:2010.01768>, and it is
  Please refer to arXiv e-prints via their arXiv DOI <doi:10.48550/arXiv.YYMM.NNNNN>.
Flavors: r-devel-linux-x86_64-debian-clang, r-devel-linux-x86_64-debian-gcc