CRAN Package Check Results for Package Jmisc

Last updated on 2025-11-24 16:50:01 CET.

Flavor Version Tinstall Tcheck Ttotal Status Flags
r-devel-linux-x86_64-debian-clang 0.3.1.1 1.50 20.58 22.08 NOTE
r-devel-linux-x86_64-debian-gcc 0.3.1.1 1.37 16.95 18.32 NOTE
r-devel-linux-x86_64-fedora-clang 0.3.1.1 32.77 OK
r-devel-linux-x86_64-fedora-gcc 0.3.1.1 32.88 OK
r-devel-windows-x86_64 0.3.1.1 3.00 40.00 43.00 OK
r-patched-linux-x86_64 0.3.1.1 2.22 18.83 21.05 OK
r-release-linux-x86_64 0.3.1.1 1.70 19.02 20.72 OK
r-release-macos-arm64 0.3.1.1 OK
r-release-macos-x86_64 0.3.1.1 2.00 23.00 25.00 OK
r-release-windows-x86_64 0.3.1.1 2.00 39.00 41.00 OK
r-oldrel-macos-arm64 0.3.1.1 OK
r-oldrel-macos-x86_64 0.3.1.1 2.00 26.00 28.00 OK
r-oldrel-windows-x86_64 0.3.1.1 3.00 50.00 53.00 OK

Check Details

Version: 0.3.1.1
Check: CRAN incoming feasibility
Result: NOTE Maintainer: ‘TszKin Julian Chan <ctszkin@gmail.com>’ No Authors@R field in DESCRIPTION. Please add one, modifying Authors@R: person(given = c("TszKin", "Julian"), family = "Chan", role = c("aut", "cre"), email = "ctszkin@gmail.com") as necessary. Flavors: r-devel-linux-x86_64-debian-clang, r-devel-linux-x86_64-debian-gcc