Last updated on 2025-11-15 12:49:39 CET.
| Flavor | Version | Tinstall | Tcheck | Ttotal | Status | Flags |
|---|---|---|---|---|---|---|
| r-devel-linux-x86_64-debian-clang | 1.0.2 | 182.49 | 155.52 | 338.01 | OK | |
| r-devel-linux-x86_64-debian-gcc | 1.0.2 | 114.99 | 126.66 | 241.65 | OK | |
| r-devel-linux-x86_64-fedora-clang | 1.0.2 | 462.00 | 195.57 | 657.57 | OK | |
| r-devel-linux-x86_64-fedora-gcc | 1.0.2 | 447.00 | 143.32 | 590.32 | OK | |
| r-devel-windows-x86_64 | 1.0.2 | 206.00 | 195.00 | 401.00 | OK | |
| r-patched-linux-x86_64 | 1.0.2 | 172.66 | 161.33 | 333.99 | OK | |
| r-release-linux-x86_64 | 1.0.2 | 176.04 | 161.86 | 337.90 | OK | |
| r-release-macos-arm64 | 1.0.2 | 69.00 | 73.00 | 142.00 | OK | |
| r-release-macos-x86_64 | 1.0.2 | 53.00 | 164.00 | 217.00 | OK | |
| r-release-windows-x86_64 | 1.0.2 | 192.00 | 199.00 | 391.00 | OK | |
| r-oldrel-macos-arm64 | 1.0.2 | 68.00 | 96.00 | 164.00 | NOTE | |
| r-oldrel-macos-x86_64 | 1.0.2 | 50.00 | 152.00 | 202.00 | NOTE | |
| r-oldrel-windows-x86_64 | 1.0.2 | 233.00 | 247.00 | 480.00 | OK |
Version: 1.0.2
Check: installed package size
Result: NOTE
installed size is 22.5Mb
sub-directories of 1Mb or more:
libs 22.0Mb
Flavors: r-oldrel-macos-arm64, r-oldrel-macos-x86_64