Last updated on 2025-10-24 18:49:58 CEST.
| Flavor | Version | Tinstall | Tcheck | Ttotal | Status | Flags |
|---|---|---|---|---|---|---|
| r-devel-linux-x86_64-debian-clang | 0.5-7 | 100.57 | 141.99 | 242.56 | OK | |
| r-devel-linux-x86_64-debian-gcc | 0.5-7 | 56.38 | 97.76 | 154.14 | OK | |
| r-devel-linux-x86_64-fedora-clang | 0.5-7 | 164.00 | 175.66 | 339.66 | OK | |
| r-devel-linux-x86_64-fedora-gcc | 0.5-7 | 192.00 | 154.81 | 346.81 | OK | |
| r-devel-windows-x86_64 | 0.5-7 | 82.00 | 145.00 | 227.00 | OK | |
| r-patched-linux-x86_64 | 0.5-7 | 86.12 | 132.08 | 218.20 | OK | |
| r-release-linux-x86_64 | 0.5-7 | 86.20 | 130.94 | 217.14 | OK | |
| r-release-macos-arm64 | 0.5-7 | 38.00 | 53.00 | 91.00 | OK | |
| r-release-macos-x86_64 | 0.5-7 | 62.00 | 107.00 | 169.00 | OK | |
| r-release-windows-x86_64 | 0.5-7 | 82.00 | 144.00 | 226.00 | OK | |
| r-oldrel-macos-arm64 | 0.5-7 | 33.00 | 53.00 | 86.00 | NOTE | |
| r-oldrel-macos-x86_64 | 0.5-7 | 56.00 | 87.00 | 143.00 | NOTE | |
| r-oldrel-windows-x86_64 | 0.5-7 | 107.00 | 194.00 | 301.00 | OK |
Version: 0.5-7
Check: installed package size
Result: NOTE
installed size is 10.7Mb
sub-directories of 1Mb or more:
libs 9.8Mb
Flavors: r-oldrel-macos-arm64, r-oldrel-macos-x86_64