CRAN Package Check Results for Package JFM

Last updated on 2025-07-17 18:49:48 CEST.

Flavor Version Tinstall Tcheck Ttotal Status Flags
r-devel-linux-x86_64-debian-clang 1.0 28.70 69.83 98.53 NOTE
r-devel-linux-x86_64-debian-gcc 1.0 20.05 51.25 71.30 NOTE
r-devel-linux-x86_64-fedora-clang 1.0 153.98 NOTE
r-devel-linux-x86_64-fedora-gcc 1.0 145.68 NOTE
r-devel-windows-x86_64 1.0 33.00 106.00 139.00 NOTE
r-patched-linux-x86_64 1.0 29.16 66.49 95.65 NOTE
r-release-linux-x86_64 1.0 26.87 65.80 92.67 NOTE
r-release-macos-arm64 1.0 45.00 NOTE
r-release-macos-x86_64 1.0 103.00 NOTE
r-release-windows-x86_64 1.0 35.00 109.00 144.00 NOTE
r-oldrel-macos-arm64 1.0 41.00 NOTE
r-oldrel-macos-x86_64 1.0 87.00 NOTE
r-oldrel-windows-x86_64 1.0 43.00 126.00 169.00 NOTE

Check Details

Version: 1.0
Check: C++ specification
Result: NOTE Specified C++11: please drop specification unless essential Flavors: r-devel-linux-x86_64-debian-clang, r-devel-linux-x86_64-debian-gcc, r-devel-linux-x86_64-fedora-clang, r-devel-linux-x86_64-fedora-gcc, r-devel-windows-x86_64, r-patched-linux-x86_64, r-release-linux-x86_64, r-release-macos-arm64, r-release-macos-x86_64, r-release-windows-x86_64, r-oldrel-macos-arm64, r-oldrel-macos-x86_64, r-oldrel-windows-x86_64

Version: 1.0
Check: installed package size
Result: NOTE installed size is 7.4Mb sub-directories of 1Mb or more: extdata 5.5Mb libs 1.7Mb Flavors: r-oldrel-macos-arm64, r-oldrel-macos-x86_64, r-oldrel-windows-x86_64