Last updated on 2025-10-31 20:48:42 CET.
| Flavor | Version | Tinstall | Tcheck | Ttotal | Status | Flags | 
|---|---|---|---|---|---|---|
| r-devel-linux-x86_64-debian-clang | 0.4 | 12.76 | 105.84 | 118.60 | NOTE | |
| r-devel-linux-x86_64-debian-gcc | 0.4 | 9.99 | 72.48 | 82.47 | NOTE | |
| r-devel-linux-x86_64-fedora-clang | 0.4 | 52.00 | 135.99 | 187.99 | OK | |
| r-devel-linux-x86_64-fedora-gcc | 0.4 | 27.00 | 137.58 | 164.58 | OK | |
| r-devel-windows-x86_64 | 0.4 | 14.00 | 101.00 | 115.00 | OK | |
| r-patched-linux-x86_64 | 0.4 | 13.07 | 97.95 | 111.02 | OK | |
| r-release-linux-x86_64 | 0.4 | 13.29 | 98.50 | 111.79 | OK | |
| r-release-macos-arm64 | 0.4 | 5.00 | 41.00 | 46.00 | OK | |
| r-release-macos-x86_64 | 0.4 | 11.00 | 74.00 | 85.00 | OK | |
| r-release-windows-x86_64 | 0.4 | 14.00 | 102.00 | 116.00 | OK | |
| r-oldrel-macos-arm64 | 0.4 | 6.00 | 40.00 | 46.00 | OK | |
| r-oldrel-macos-x86_64 | 0.4 | 10.00 | 63.00 | 73.00 | OK | |
| r-oldrel-windows-x86_64 | 0.4 | 20.00 | 128.00 | 148.00 | OK | 
Version: 0.4
Check: CRAN incoming feasibility
Result: NOTE
  Maintainer: ‘Sacha Epskamp <mail@sachaepskamp.com>’
  
  No Authors@R field in DESCRIPTION.
  Please add one, modifying
    Authors@R: c(person(given = "Claudia",
                        family = "van Borkulo",
                        role = "aut"),
                 person(given = c("Sacha", "Epskamp;", "with", "contributions", "from", "Alexander"),
                        family = "Robitzsch",
                        role = "aut"),
                 person(given = c("Mihai", "Alexandru"),
                        family = "Constantin",
                        role = "aut"),
                 person(given = "Sacha",
                        family = "Epskamp",
                        role = "cre",
                        email = "mail@sachaepskamp.com"))
  as necessary.
Flavors: r-devel-linux-x86_64-debian-clang, r-devel-linux-x86_64-debian-gcc