Last updated on 2025-10-24 05:50:43 CEST.
| Flavor | Version | Tinstall | Tcheck | Ttotal | Status | Flags |
|---|---|---|---|---|---|---|
| r-devel-linux-x86_64-debian-clang | 0.1.1 | 1.95 | 24.75 | 26.70 | OK | |
| r-devel-linux-x86_64-debian-gcc | 0.1.1 | 1.46 | 20.37 | 21.83 | OK | |
| r-devel-linux-x86_64-fedora-clang | 0.1.1 | 38.69 | NOTE | |||
| r-devel-linux-x86_64-fedora-gcc | 0.1.1 | 36.60 | NOTE | |||
| r-devel-windows-x86_64 | 0.1.1 | 3.00 | 49.00 | 52.00 | OK | |
| r-patched-linux-x86_64 | 0.1.1 | 1.92 | 23.91 | 25.83 | OK | |
| r-release-linux-x86_64 | 0.1.1 | 1.86 | 23.71 | 25.57 | OK | |
| r-release-macos-arm64 | 0.1.1 | 1.00 | 19.00 | 20.00 | OK | |
| r-release-macos-x86_64 | 0.1.1 | 2.00 | 26.00 | 28.00 | OK | |
| r-release-windows-x86_64 | 0.1.1 | 3.00 | 53.00 | 56.00 | OK | |
| r-oldrel-macos-arm64 | 0.1.1 | 1.00 | 17.00 | 18.00 | OK | |
| r-oldrel-macos-x86_64 | 0.1.1 | 2.00 | 22.00 | 24.00 | OK | |
| r-oldrel-windows-x86_64 | 0.1.1 | 4.00 | 54.00 | 58.00 | OK |
Version: 0.1.1
Check: dependencies in R code
Result: NOTE
Namespaces in Imports field not imported from:
‘fdrtool’ ‘nimble’
All declared Imports should be used.
Flavors: r-devel-linux-x86_64-fedora-clang, r-devel-linux-x86_64-fedora-gcc