Last updated on 2025-10-25 18:50:16 CEST.
| Flavor | Version | Tinstall | Tcheck | Ttotal | Status | Flags |
|---|---|---|---|---|---|---|
| r-devel-linux-x86_64-debian-clang | 0.6.0 | 4.34 | 56.20 | 60.54 | NOTE | |
| r-devel-linux-x86_64-debian-gcc | 0.6.0 | 2.93 | 41.22 | 44.15 | NOTE | |
| r-devel-linux-x86_64-fedora-clang | 0.6.0 | 88.80 | OK | |||
| r-devel-linux-x86_64-fedora-gcc | 0.6.0 | 100.35 | OK | |||
| r-devel-windows-x86_64 | 0.6.0 | 5.00 | 70.00 | 75.00 | OK | |
| r-patched-linux-x86_64 | 0.6.0 | 4.99 | 53.71 | 58.70 | OK | |
| r-release-linux-x86_64 | 0.6.0 | 3.78 | 52.55 | 56.33 | OK | |
| r-release-macos-arm64 | 0.6.0 | 2.00 | 31.00 | 33.00 | OK | |
| r-release-macos-x86_64 | 0.6.0 | 4.00 | 60.00 | 64.00 | OK | |
| r-release-windows-x86_64 | 0.6.0 | 8.00 | 71.00 | 79.00 | OK | |
| r-oldrel-macos-arm64 | 0.6.0 | 2.00 | 31.00 | 33.00 | OK | |
| r-oldrel-macos-x86_64 | 0.6.0 | 3.00 | 46.00 | 49.00 | OK | |
| r-oldrel-windows-x86_64 | 0.6.0 | 7.00 | 83.00 | 90.00 | OK |
Version: 0.6.0
Check: CRAN incoming feasibility
Result: NOTE
Maintainer: ‘Graham White <g.white@unswalumni.com>’
No Authors@R field in DESCRIPTION.
Please add one, modifying
Authors@R: person(given = "Graham",
family = "White",
role = c("aut", "cre"),
email = "g.white@unswalumni.com")
as necessary.
Flavors: r-devel-linux-x86_64-debian-clang, r-devel-linux-x86_64-debian-gcc