CRAN Package Check Results for Package IgAScores

Last updated on 2025-10-24 05:50:42 CEST.

Flavor Version Tinstall Tcheck Ttotal Status Flags
r-devel-linux-x86_64-debian-clang 0.1.2 2.10 26.06 28.16 NOTE
r-devel-linux-x86_64-debian-gcc 0.1.2 1.49 21.13 22.62 NOTE
r-devel-linux-x86_64-fedora-clang 0.1.2 38.96 OK
r-devel-linux-x86_64-fedora-gcc 0.1.2 58.49 OK
r-devel-windows-x86_64 0.1.2 3.00 44.00 47.00 OK
r-patched-linux-x86_64 0.1.2 1.75 23.92 25.67 OK
r-release-linux-x86_64 0.1.2 1.93 23.84 25.77 OK
r-release-macos-arm64 0.1.2 1.00 25.00 26.00 OK
r-release-macos-x86_64 0.1.2 2.00 42.00 44.00 OK
r-release-windows-x86_64 0.1.2 5.00 47.00 52.00 OK
r-oldrel-macos-arm64 0.1.2 1.00 23.00 24.00 OK
r-oldrel-macos-x86_64 0.1.2 2.00 33.00 35.00 OK
r-oldrel-windows-x86_64 0.1.2 3.00 51.00 54.00 OK

Check Details

Version: 0.1.2
Check: CRAN incoming feasibility
Result: NOTE Maintainer: ‘Matthew Jackson <mattjackson4@gmail.com>’ Package CITATION file contains call(s) to old-style citEntry(). Please use bibentry() instead. Flavors: r-devel-linux-x86_64-debian-clang, r-devel-linux-x86_64-debian-gcc