Last updated on 2025-10-31 01:49:01 CET.
| Flavor | Version | Tinstall | Tcheck | Ttotal | Status | Flags | 
|---|---|---|---|---|---|---|
| r-devel-linux-x86_64-debian-clang | 1.4 | 1.73 | 17.23 | 18.96 | NOTE | |
| r-devel-linux-x86_64-debian-gcc | 1.4 | 1.42 | 13.74 | 15.16 | NOTE | |
| r-devel-linux-x86_64-fedora-clang | 1.4 | 28.71 | OK | |||
| r-devel-linux-x86_64-fedora-gcc | 1.4 | 26.55 | OK | |||
| r-devel-windows-x86_64 | 1.4 | 4.00 | 38.00 | 42.00 | OK | |
| r-patched-linux-x86_64 | 1.4 | 2.10 | 16.31 | 18.41 | OK | |
| r-release-linux-x86_64 | 1.4 | 1.70 | 16.22 | 17.92 | OK | |
| r-release-macos-arm64 | 1.4 | 1.00 | 16.00 | 17.00 | OK | |
| r-release-macos-x86_64 | 1.4 | 2.00 | 21.00 | 23.00 | OK | |
| r-release-windows-x86_64 | 1.4 | 4.00 | 43.00 | 47.00 | OK | |
| r-oldrel-macos-arm64 | 1.4 | 1.00 | 23.00 | 24.00 | OK | |
| r-oldrel-macos-x86_64 | 1.4 | 2.00 | 17.00 | 19.00 | OK | |
| r-oldrel-windows-x86_64 | 1.4 | 3.00 | 42.00 | 45.00 | OK | 
Version: 1.4
Check: CRAN incoming feasibility
Result: NOTE
  Maintainer: ‘Trevor Hastie <hastie@stanford.edu>’
  
  No Authors@R field in DESCRIPTION.
  Please add one, modifying
    Authors@R: c(person(given = "Gareth",
                        family = "James",
                        role = "aut"),
                 person(given = "Daniela",
                        family = "Witten",
                        role = "aut"),
                 person(given = "Trevor",
                        family = "Hastie",
                        role = c("aut", "cre"),
                        email = "hastie@stanford.edu"),
                 person(given = "Rob",
                        family = "Tibshirani",
                        role = "aut"))
  as necessary.
Flavors: r-devel-linux-x86_64-debian-clang, r-devel-linux-x86_64-debian-gcc