Last updated on 2025-11-21 21:49:44 CET.
| Flavor | Version | Tinstall | Tcheck | Ttotal | Status | Flags |
|---|---|---|---|---|---|---|
| r-devel-linux-x86_64-debian-clang | 0.0.4 | 8.62 | 64.69 | 73.31 | OK | |
| r-devel-linux-x86_64-debian-gcc | 0.0.5 | 9.38 | 66.32 | 75.70 | OK | |
| r-devel-linux-x86_64-fedora-clang | 0.0.5 | 46.00 | 108.11 | 154.11 | OK | |
| r-devel-windows-x86_64 | 0.0.4 | 15.00 | 73.00 | 88.00 | OK | |
| r-patched-linux-x86_64 | 0.0.4 | 7.60 | 62.47 | 70.07 | OK | |
| r-release-linux-x86_64 | 0.0.4 | 8.45 | 62.13 | 70.58 | OK | |
| r-release-macos-arm64 | 0.0.5 | 0.00 | 4.00 | 4.00 | ERROR | |
| r-release-macos-x86_64 | 0.0.5 | 16.00 | 95.00 | 111.00 | OK | |
| r-release-windows-x86_64 | 0.0.4 | 12.00 | 72.00 | 84.00 | OK | |
| r-oldrel-macos-arm64 | 0.0.5 | 0.00 | 10.00 | 10.00 | ERROR | |
| r-oldrel-macos-x86_64 | 0.0.5 | 20.00 | 93.00 | 113.00 | NOTE | |
| r-oldrel-windows-x86_64 | 0.0.4 | 17.00 | 86.00 | 103.00 | OK |
Version: 0.0.5
Check: whether package can be installed
Result: ERROR
Installation failed.
Flavors: r-release-macos-arm64, r-oldrel-macos-arm64
Version: 0.0.5
Check: package dependencies
Result: NOTE
Package suggested but not available for checking: ‘INLA’
Flavors: r-oldrel-macos-arm64, r-oldrel-macos-x86_64
Version: 0.0.5
Check: Rd cross-references
Result: NOTE
Package unavailable to check Rd xrefs: ‘INLA’
Flavor: r-oldrel-macos-x86_64