Last updated on 2025-10-25 06:49:43 CEST.
| Flavor | Version | Tinstall | Tcheck | Ttotal | Status | Flags |
|---|---|---|---|---|---|---|
| r-devel-linux-x86_64-debian-clang | 0.1-12 | 5.16 | 50.37 | 55.53 | NOTE | |
| r-devel-linux-x86_64-debian-gcc | 0.1-12 | 4.14 | 39.49 | 43.63 | NOTE | |
| r-devel-linux-x86_64-fedora-clang | 0.1-12 | 13.00 | 72.99 | 85.99 | OK | |
| r-devel-linux-x86_64-fedora-gcc | 0.1-12 | 13.00 | 89.46 | 102.46 | OK | |
| r-devel-windows-x86_64 | 0.1-12 | 7.00 | 63.00 | 70.00 | OK | |
| r-patched-linux-x86_64 | 0.1-12 | 5.11 | 48.50 | 53.61 | OK | |
| r-release-linux-x86_64 | 0.1-12 | 5.63 | 48.12 | 53.75 | OK | |
| r-release-macos-arm64 | 0.1-12 | 3.00 | 27.00 | 30.00 | OK | |
| r-release-macos-x86_64 | 0.1-12 | 5.00 | 45.00 | 50.00 | OK | |
| r-release-windows-x86_64 | 0.1-12 | 7.00 | 64.00 | 71.00 | OK | |
| r-oldrel-macos-arm64 | 0.1-12 | 2.00 | 24.00 | 26.00 | NOTE | |
| r-oldrel-macos-x86_64 | 0.1-12 | 4.00 | 33.00 | 37.00 | NOTE | |
| r-oldrel-windows-x86_64 | 0.1-12 | 9.00 | 76.00 | 85.00 | OK |
Version: 0.1-12
Check: CRAN incoming feasibility
Result: NOTE
Maintainer: ‘Virgilio Gómez-Rubio <virgilio.gomez@uclm.es>’
No Authors@R field in DESCRIPTION.
Please add one, modifying
Authors@R: c(person(given = "Virgilio",
family = "Gómez-Rubio",
role = c("aut", "cre"),
email = "virgilio.gomez@uclm.es"),
person(given = "Roger",
family = "Bivand",
role = "aut",
email = "Roger.Bivand@nhh.no"))
as necessary.
Flavors: r-devel-linux-x86_64-debian-clang, r-devel-linux-x86_64-debian-gcc
Version: 0.1-12
Check: package dependencies
Result: NOTE
Package suggested but not available for checking: ‘INLA’
Flavors: r-oldrel-macos-arm64, r-oldrel-macos-x86_64